Last updated on 2015-09-06 23:47:49.
Flavor | Version | Tinstall | Tcheck | Ttotal | Status | Flags |
---|---|---|---|---|---|---|
r-devel-linux-x86_64-debian-clang | 0.4.1 | 1.18 | 13.32 | 14.50 | NOTE | |
r-devel-linux-x86_64-debian-gcc | 0.4.1 | 1.21 | 13.41 | 14.62 | NOTE | |
r-devel-linux-x86_64-fedora-clang | 0.4.1 | 28.17 | NOTE | |||
r-devel-linux-x86_64-fedora-gcc | 0.4.1 | 26.09 | NOTE | |||
r-devel-osx-x86_64-clang | 0.4.1 | 25.69 | NOTE | |||
r-devel-windows-ix86+x86_64 | 0.4.1 | 3.00 | 28.00 | 31.00 | NOTE | |
r-patched-linux-x86_64 | 0.4.1 | 1.28 | 14.23 | 15.51 | NOTE | |
r-patched-solaris-sparc | 0.4.1 | 189.70 | NOTE | |||
r-patched-solaris-x86 | 0.4.1 | 43.20 | NOTE | |||
r-release-linux-x86_64 | 0.4.1 | 1.29 | 13.97 | 15.26 | NOTE | |
r-release-osx-x86_64-mavericks | 0.4.1 | NOTE | ||||
r-release-windows-ix86+x86_64 | 0.4.1 | 5.00 | 22.00 | 27.00 | NOTE | |
r-oldrel-windows-ix86+x86_64 | 0.4.1 | 7.00 | 43.00 | 50.00 | NOTE |
Version: 0.4.1
Check: R code for possible problems
Result: NOTE
cleanAndSubsetDetailedData: no visible global function definition for
‘read.csv’
cleanAndSubsetObtainedData: no visible global function definition for
‘read.csv’
getStationCode: no visible binding for global variable
‘USAirportWeatherStations’
getStationCode: no visible binding for global variable ‘IntlWxStations’
getWeatherForDate: no visible global function definition for
‘write.csv’
Undefined global functions or variables:
IntlWxStations USAirportWeatherStations read.csv write.csv
Consider adding
importFrom("utils", "read.csv", "write.csv")
to your NAMESPACE.
Flavors: r-devel-linux-x86_64-debian-clang, r-devel-linux-x86_64-debian-gcc, r-devel-linux-x86_64-fedora-clang, r-devel-linux-x86_64-fedora-gcc, r-devel-windows-ix86+x86_64
Version: 0.4.1
Check: R code for possible problems
Result: NOTE
getStationCode: no visible binding for global variable
‘USAirportWeatherStations’
getStationCode: no visible binding for global variable ‘IntlWxStations’
Undefined global functions or variables:
IntlWxStations USAirportWeatherStations
Flavor: r-devel-osx-x86_64-clang
Version: 0.4.1
Check: R code for possible problems
Result: NOTE
getStationCode: no visible binding for global variable
‘USAirportWeatherStations’
getStationCode: no visible binding for global variable ‘IntlWxStations’
Flavors: r-patched-linux-x86_64, r-patched-solaris-sparc, r-patched-solaris-x86, r-release-linux-x86_64, r-release-osx-x86_64-mavericks, r-release-windows-ix86+x86_64, r-oldrel-windows-ix86+x86_64