Last updated on 2015-09-06 23:47:49.
Flavor | Version | Tinstall | Tcheck | Ttotal | Status | Flags |
---|---|---|---|---|---|---|
r-devel-linux-x86_64-debian-clang | 1.0 | 0.72 | 10.47 | 11.19 | NOTE | |
r-devel-linux-x86_64-debian-gcc | 1.0 | 0.72 | 10.44 | 11.15 | NOTE | |
r-devel-linux-x86_64-fedora-clang | 1.0 | 22.51 | NOTE | |||
r-devel-linux-x86_64-fedora-gcc | 1.0 | 21.03 | NOTE | |||
r-devel-osx-x86_64-clang | 1.0 | 20.81 | NOTE | |||
r-devel-windows-ix86+x86_64 | 1.0 | 3.00 | 24.00 | 27.00 | NOTE | |
r-patched-linux-x86_64 | 1.0 | 0.82 | 11.82 | 12.64 | NOTE | |
r-patched-solaris-sparc | 1.0 | 151.80 | NOTE | |||
r-patched-solaris-x86 | 1.0 | 36.20 | NOTE | |||
r-release-linux-x86_64 | 1.0 | 0.80 | 10.99 | 11.79 | NOTE | |
r-release-osx-x86_64-mavericks | 1.0 | NOTE | ||||
r-release-windows-ix86+x86_64 | 1.0 | 4.00 | 37.00 | 41.00 | NOTE | |
r-oldrel-windows-ix86+x86_64 | 1.0 | 6.00 | 36.00 | 42.00 | NOTE |
Version: 1.0
Check: DESCRIPTION meta-information
Result: NOTE
Malformed Description field: should contain one or more complete sentences.
Flavors: r-devel-linux-x86_64-debian-clang, r-devel-linux-x86_64-debian-gcc, r-devel-linux-x86_64-fedora-clang, r-devel-linux-x86_64-fedora-gcc, r-devel-osx-x86_64-clang, r-devel-windows-ix86+x86_64, r-patched-linux-x86_64, r-patched-solaris-sparc, r-patched-solaris-x86, r-release-linux-x86_64, r-release-osx-x86_64-mavericks, r-release-windows-ix86+x86_64
Version: 1.0
Check: dependencies in R code
Result: NOTE
Packages in Depends field not imported from:
‘plyr’ ‘reshape2’
These packages need to be imported from (in the NAMESPACE file)
for when this namespace is loaded but not attached.
Flavors: r-devel-linux-x86_64-debian-clang, r-devel-linux-x86_64-debian-gcc, r-devel-linux-x86_64-fedora-clang, r-devel-linux-x86_64-fedora-gcc, r-devel-osx-x86_64-clang, r-devel-windows-ix86+x86_64, r-patched-linux-x86_64, r-patched-solaris-sparc, r-patched-solaris-x86, r-release-linux-x86_64, r-release-osx-x86_64-mavericks, r-release-windows-ix86+x86_64, r-oldrel-windows-ix86+x86_64
Version: 1.0
Check: R code for possible problems
Result: NOTE
wordmatch: no visible global function definition for ‘llply’
wordmatch : <anonymous>: no visible global function definition for
‘llply’
wordmatch: no visible global function definition for ‘melt’
wordmatch: no visible global function definition for ‘count’
Undefined global functions or variables:
count llply melt
Flavors: r-devel-linux-x86_64-debian-clang, r-devel-linux-x86_64-debian-gcc, r-devel-linux-x86_64-fedora-clang, r-devel-linux-x86_64-fedora-gcc, r-devel-osx-x86_64-clang, r-devel-windows-ix86+x86_64
Version: 1.0
Check: R code for possible problems
Result: NOTE
wordmatch: no visible global function definition for ‘llply’
wordmatch : <anonymous>: no visible global function definition for
‘llply’
wordmatch: no visible global function definition for ‘melt’
wordmatch: no visible global function definition for ‘count’
Flavors: r-patched-linux-x86_64, r-patched-solaris-sparc, r-patched-solaris-x86, r-release-linux-x86_64, r-release-osx-x86_64-mavericks, r-release-windows-ix86+x86_64, r-oldrel-windows-ix86+x86_64