Last updated on 2015-09-06 23:47:49.
Flavor | Version | Tinstall | Tcheck | Ttotal | Status | Flags |
---|---|---|---|---|---|---|
r-devel-linux-x86_64-debian-clang | 1.5 | 10.15 | 64.45 | 74.60 | NOTE | |
r-devel-linux-x86_64-debian-gcc | 1.5 | 10.88 | 64.01 | 74.88 | NOTE | |
r-devel-linux-x86_64-fedora-clang | 1.5 | 142.15 | NOTE | |||
r-devel-linux-x86_64-fedora-gcc | 1.5 | 135.43 | NOTE | |||
r-devel-osx-x86_64-clang | 1.5 | 112.63 | OK | |||
r-devel-windows-ix86+x86_64 | 1.5 | 33.00 | 147.00 | 180.00 | NOTE | |
r-patched-linux-x86_64 | 1.5 | 10.50 | 65.49 | 75.98 | OK | |
r-patched-solaris-sparc | 1.5 | 906.80 | OK | |||
r-patched-solaris-x86 | 1.5 | 195.90 | OK | |||
r-release-linux-x86_64 | 1.5 | 10.54 | 68.20 | 78.74 | OK | |
r-release-osx-x86_64-mavericks | 1.5 | OK | ||||
r-release-windows-ix86+x86_64 | 1.5 | 51.00 | 123.00 | 174.00 | OK | |
r-oldrel-windows-ix86+x86_64 | 1.5 | 87.00 | 213.00 | 300.00 | OK |
Version: 1.5
Check: R code for possible problems
Result: NOTE
plot.btergmgof: no visible global function definition for ‘par’
plot.btergmgof: no visible global function definition for ‘lines’
plot.btergmgof: no visible global function definition for ‘points’
Undefined global functions or variables:
lines par points
Consider adding
importFrom("graphics", "lines", "par", "points")
to your NAMESPACE.
Flavors: r-devel-linux-x86_64-debian-clang, r-devel-linux-x86_64-debian-gcc, r-devel-linux-x86_64-fedora-clang, r-devel-linux-x86_64-fedora-gcc, r-devel-windows-ix86+x86_64