Last updated on 2015-09-06 23:47:49.
Flavor | Version | Tinstall | Tcheck | Ttotal | Status | Flags |
---|---|---|---|---|---|---|
r-devel-linux-x86_64-debian-clang | 1.7-4 | 10.88 | 15.87 | 26.75 | NOTE | |
r-devel-linux-x86_64-debian-gcc | 1.7-4 | 0.66 | 16.20 | 16.86 | NOTE | |
r-devel-linux-x86_64-fedora-clang | 1.7-4 | 30.97 | NOTE | |||
r-devel-linux-x86_64-fedora-gcc | 1.7-4 | 29.59 | NOTE | |||
r-devel-osx-x86_64-clang | 1.7-4 | 29.77 | NOTE | |||
r-devel-windows-ix86+x86_64 | 1.7-4 | 3.00 | 33.00 | 36.00 | NOTE | |
r-patched-linux-x86_64 | 1.7-4 | 0.85 | 15.88 | 16.73 | NOTE | |
r-patched-solaris-sparc | 1.7-4 | 200.40 | NOTE | |||
r-patched-solaris-x86 | 1.7-4 | 44.40 | NOTE | |||
r-release-linux-x86_64 | 1.7-4 | 2.02 | 16.33 | 18.35 | NOTE | |
r-release-osx-x86_64-mavericks | 1.7-4 | NOTE | ||||
r-release-windows-ix86+x86_64 | 1.7-4 | 4.00 | 30.00 | 34.00 | NOTE | |
r-oldrel-windows-ix86+x86_64 | 1.7-4 | 5.00 | 30.00 | 35.00 | OK |
Version: 1.7-4
Check: DESCRIPTION meta-information
Result: NOTE
Malformed Description field: should contain one or more complete sentences.
Flavors: r-devel-linux-x86_64-debian-clang, r-devel-linux-x86_64-debian-gcc, r-devel-linux-x86_64-fedora-clang, r-devel-linux-x86_64-fedora-gcc, r-devel-osx-x86_64-clang, r-devel-windows-ix86+x86_64, r-patched-linux-x86_64, r-patched-solaris-sparc, r-patched-solaris-x86, r-release-linux-x86_64, r-release-osx-x86_64-mavericks, r-release-windows-ix86+x86_64
Version: 1.7-4
Check: R code for possible problems
Result: NOTE
print.xtable: no visible global function definition for
‘packageDescription’
xtable.aov: no visible global function definition for ‘anova’
xtable.coxph: no visible global function definition for ‘pchisq’
xtable.ts: no visible global function definition for ‘time’
xtable.ts: no visible global function definition for ‘cycle’
xtable.ts: no visible global function definition for ‘frequency’
xtable.ts: no visible global function definition for ‘start’
xtable.ts: no visible global function definition for ‘end’
xtable.zoo: no visible global function definition for ‘as.ts’
Undefined global functions or variables:
anova as.ts cycle end frequency packageDescription pchisq start time
Consider adding
importFrom("stats", "anova", "as.ts", "cycle", "end", "frequency",
"pchisq", "start", "time")
importFrom("utils", "packageDescription")
to your NAMESPACE.
Flavors: r-devel-linux-x86_64-debian-clang, r-devel-linux-x86_64-debian-gcc, r-devel-linux-x86_64-fedora-clang, r-devel-linux-x86_64-fedora-gcc, r-devel-windows-ix86+x86_64