Last updated on 2015-09-06 23:47:49.
Flavor | Version | Tinstall | Tcheck | Ttotal | Status | Flags |
---|---|---|---|---|---|---|
r-devel-linux-x86_64-debian-clang | 1.0-26 | 5.54 | 26.76 | 32.29 | OK | |
r-devel-linux-x86_64-debian-gcc | 1.0-26 | 5.40 | 26.51 | 31.92 | OK | |
r-devel-linux-x86_64-fedora-clang | 1.0-26 | 69.04 | OK | |||
r-devel-linux-x86_64-fedora-gcc | 1.0-26 | 55.63 | OK | |||
r-devel-osx-x86_64-clang | 1.0-26 | 54.86 | OK | |||
r-devel-windows-ix86+x86_64 | 1.0-26 | 32.00 | 67.00 | 99.00 | OK | |
r-patched-linux-x86_64 | 1.0-26 | 5.46 | 27.27 | 32.74 | OK | |
r-patched-solaris-sparc | 1.0-26 | 391.60 | OK | |||
r-patched-solaris-x86 | 1.0-26 | 77.00 | OK | |||
r-release-linux-x86_64 | 1.0-26 | 5.37 | 27.44 | 32.81 | OK | |
r-release-osx-x86_64-mavericks | 1.0-26 | NOTE | ||||
r-release-windows-ix86+x86_64 | 1.0-26 | 41.00 | 89.00 | 130.00 | OK | |
r-oldrel-windows-ix86+x86_64 | 1.0-26 | 42.00 | 78.00 | 120.00 | OK |
Version: 1.0-26
Check: package dependencies
Result: NOTE
Package suggested but not available for checking: ‘ccaPP’
Flavor: r-release-osx-x86_64-mavericks
Version: 1.0-26
Check: Rd cross-references
Result: NOTE
Package unavailable to check Rd xrefs: ‘ccaPP’
Flavor: r-release-osx-x86_64-mavericks