CRAN Package Check Results for Package ASPBay

Last updated on 2015-11-20 00:47:13.

Flavor Version Tinstall Tcheck Ttotal Status Flags
r-devel-linux-x86_64-debian-gcc 1.2 11.85 72.82 84.68 NOTE
r-devel-linux-x86_64-fedora-clang 1.2 186.86 NOTE
r-devel-linux-x86_64-fedora-gcc 1.2 174.23 NOTE
r-devel-osx-x86_64-clang 1.2 170.79 OK
r-devel-windows-ix86+x86_64 1.2 47.00 149.00 196.00 NOTE
r-patched-linux-x86_64 1.2 11.82 74.46 86.28 OK
r-patched-solaris-sparc 1.2 1224.60 OK
r-patched-solaris-x86 1.2 211.20 OK
r-release-linux-x86_64 1.2 11.66 75.37 87.04 OK
r-release-osx-x86_64-mavericks 1.2 OK
r-release-windows-ix86+x86_64 1.2 51.00 152.00 203.00 OK
r-oldrel-windows-ix86+x86_64 1.2 64.00 167.00 231.00 OK

Check Details

Version: 1.2
Check: R code for possible problems
Result: NOTE
    ASP.Score: no visible global function definition for ‘pnorm’
    Graphs.Bayesian: no visible global function definition for ‘dev.new’
    colorhex: no visible global function definition for ‘gray’
    colorhex: no visible global function definition for ‘rgb’
    Undefined global functions or variables:
     dev.new gray pnorm rgb
    Consider adding
     importFrom("grDevices", "dev.new", "gray", "rgb")
     importFrom("stats", "pnorm")
    to your NAMESPACE.
Flavors: r-devel-linux-x86_64-debian-gcc, r-devel-linux-x86_64-fedora-clang, r-devel-linux-x86_64-fedora-gcc, r-devel-windows-ix86+x86_64