Last updated on 2015-11-20 00:47:12.
Flavor | Version | Tinstall | Tcheck | Ttotal | Status | Flags |
---|---|---|---|---|---|---|
r-devel-linux-x86_64-debian-gcc | 1.0 | 0.63 | 10.82 | 11.45 | NOTE | |
r-devel-linux-x86_64-fedora-clang | 1.0 | 21.89 | NOTE | |||
r-devel-linux-x86_64-fedora-gcc | 1.0 | 19.85 | NOTE | |||
r-devel-osx-x86_64-clang | 1.0 | 26.50 | NOTE | |||
r-devel-windows-ix86+x86_64 | 1.0 | 3.00 | 24.00 | 27.00 | NOTE | |
r-patched-linux-x86_64 | 1.0 | 0.78 | 11.30 | 12.08 | NOTE | |
r-patched-solaris-sparc | 1.0 | 143.50 | NOTE | |||
r-patched-solaris-x86 | 1.0 | 31.10 | NOTE | |||
r-release-linux-x86_64 | 1.0 | 0.62 | 12.39 | 13.02 | NOTE | |
r-release-osx-x86_64-mavericks | 1.0 | NOTE | ||||
r-release-windows-ix86+x86_64 | 1.0 | 4.00 | 21.00 | 25.00 | NOTE | |
r-oldrel-windows-ix86+x86_64 | 1.0 | 8.00 | 32.00 | 40.00 | NOTE |
Version: 1.0
Check: top-level files
Result: NOTE
Non-standard files/directories found at top level:
‘AnDE.pdf’ ‘DESCRIPTION.dcf’ ‘helpme’
Flavors: r-devel-linux-x86_64-debian-gcc, r-devel-linux-x86_64-fedora-clang, r-devel-linux-x86_64-fedora-gcc, r-patched-linux-x86_64, r-release-linux-x86_64
Version: 1.0
Check: dependencies in R code
Result: NOTE
Packages in Depends field not imported from:
‘discretization’ ‘foreign’ ‘functional’ ‘stringr’
These packages need to be imported from (in the NAMESPACE file)
for when this namespace is loaded but not attached.
Flavors: r-devel-linux-x86_64-debian-gcc, r-devel-linux-x86_64-fedora-clang, r-devel-linux-x86_64-fedora-gcc, r-devel-osx-x86_64-clang, r-devel-windows-ix86+x86_64, r-patched-linux-x86_64, r-patched-solaris-sparc, r-patched-solaris-x86, r-release-linux-x86_64, r-release-osx-x86_64-mavericks, r-release-windows-ix86+x86_64, r-oldrel-windows-ix86+x86_64
Version: 1.0
Check: R code for possible problems
Result: NOTE
aode: no visible global function definition for ‘Compose’
mdl: no visible global function definition for ‘cutPoints’
setVar: no visible global function definition for ‘Compose’
Undefined global functions or variables:
Compose cutPoints
Flavors: r-devel-linux-x86_64-debian-gcc, r-devel-linux-x86_64-fedora-clang, r-devel-linux-x86_64-fedora-gcc, r-devel-osx-x86_64-clang, r-devel-windows-ix86+x86_64
Version: 1.0
Check: R code for possible problems
Result: NOTE
aode: no visible global function definition for ‘Compose’
mdl: no visible global function definition for ‘cutPoints’
setVar: no visible global function definition for ‘Compose’
Flavors: r-patched-linux-x86_64, r-patched-solaris-sparc, r-patched-solaris-x86, r-release-linux-x86_64, r-release-osx-x86_64-mavericks, r-release-windows-ix86+x86_64, r-oldrel-windows-ix86+x86_64