CRAN Package Check Results for Package BaBooN

Last updated on 2015-11-20 00:47:13.

Flavor Version Tinstall Tcheck Ttotal Status Flags
r-devel-linux-x86_64-debian-gcc 0.2-0 8.37 23.23 31.60 NOTE
r-devel-linux-x86_64-fedora-clang 0.2-0 63.38 NOTE
r-devel-linux-x86_64-fedora-gcc 0.2-0 60.39 NOTE
r-devel-osx-x86_64-clang 0.2-0 67.00 OK
r-devel-windows-ix86+x86_64 0.2-0 41.00 67.00 108.00 NOTE
r-patched-linux-x86_64 0.2-0 8.47 23.76 32.23 OK
r-patched-solaris-sparc 0.2-0 376.00 OK
r-patched-solaris-x86 0.2-0 78.10 OK
r-release-linux-x86_64 0.2-0 8.38 25.66 34.04 OK
r-release-osx-x86_64-mavericks 0.2-0 OK
r-release-windows-ix86+x86_64 0.2-0 43.00 72.00 115.00 OK
r-oldrel-windows-ix86+x86_64 0.2-0 53.00 120.00 173.00 OK

Check Details

Version: 0.2-0
Check: R code for possible problems
Result: NOTE
    BB.mod.stab.glm: no visible global function definition for ‘glm’
    BB.mod.stab.glm: no visible global function definition for ‘binomial’
    BB.mod.stab.glm: no visible binding for global variable ‘na.exclude’
    BB.mod.stab.glm: no visible global function definition for
     ‘glm.control’
    BB.mod.stab.glm: no visible global function definition for ‘lm’
    BB.mod.stab.mlog: no visible binding for global variable ‘na.exclude’
    BBPMM: no visible binding for global variable ‘var’
    BBPMM: no visible global function definition for ‘runif’
    BBPMM: no visible global function definition for ‘as.formula’
    BBPMM: no visible global function definition for ‘var’
    BBPMM: no visible global function definition for ‘na.omit’
    BBPMM: no visible global function definition for ‘lm’
    BBPMM: no visible global function definition for ‘predict’
    BBPMM: no visible global function definition for ‘glm’
    BBPMM: no visible global function definition for ‘binomial’
    BBPMM: no visible global function definition for ‘glm.control’
    BBPMM: no visible global function definition for ‘write.table’
    BBPMM.row: no visible global function definition for ‘as.formula’
    BBPMM.row: no visible global function definition for ‘lm’
    BBPMM.row: no visible global function definition for ‘var’
    BBPMM.row: no visible global function definition for ‘predict’
    BBPMM.row: no visible global function definition for ‘write.table’
    BayesBoot: no visible global function definition for ‘runif’
    BayesBoot: no visible global function definition for ‘rmultinom’
    MI.inference: no visible global function definition for ‘var’
    MI.inference: no visible global function definition for ‘qt’
    impChainConversion : <anonymous>: no visible binding for global
     variable ‘var’
    impChainConversion : <anonymous>: no visible binding for global
     variable ‘median’
    impChainConversion : <anonymous>: no visible binding for global
     variable ‘sd’
    rowimpPrep: no visible binding for global variable ‘var’
    summary.impprep: no visible global function definition for ‘head’
    Undefined global functions or variables:
     as.formula binomial glm glm.control head lm median na.exclude na.omit
     predict qt rmultinom runif sd var write.table
    Consider adding
     importFrom("stats", "as.formula", "binomial", "glm", "glm.control",
     "lm", "median", "na.exclude", "na.omit", "predict", "qt",
     "rmultinom", "runif", "sd", "var")
     importFrom("utils", "head", "write.table")
    to your NAMESPACE.
Flavors: r-devel-linux-x86_64-debian-gcc, r-devel-linux-x86_64-fedora-clang, r-devel-linux-x86_64-fedora-gcc, r-devel-windows-ix86+x86_64