CRAN Package Check Results for Package BinOrdNonNor

Last updated on 2015-11-20 00:47:13.

Flavor Version Tinstall Tcheck Ttotal Status Flags
r-devel-linux-x86_64-debian-gcc 1.0 2.54 38.82 41.36 NOTE
r-devel-linux-x86_64-fedora-clang 1.0 85.61 NOTE
r-devel-linux-x86_64-fedora-gcc 1.0 89.39 NOTE
r-devel-osx-x86_64-clang 1.0 84.73 OK
r-devel-windows-ix86+x86_64 1.0 10.00 74.00 84.00 NOTE
r-patched-linux-x86_64 1.0 2.73 40.98 43.70 OK
r-patched-solaris-sparc 1.0 545.30 OK
r-patched-solaris-x86 1.0 113.90 OK
r-release-linux-x86_64 1.0 2.72 43.53 46.25 OK
r-release-osx-x86_64-mavericks 1.0 OK
r-release-windows-ix86+x86_64 1.0 12.00 69.00 81.00 OK
r-oldrel-windows-ix86+x86_64 1.0 15.00 87.00 102.00 OK

Check Details

Version: 1.0
Check: R code for possible problems
Result: NOTE
    IntermediateONN : Cor_forONN: no visible global function definition for
     ‘rnorm’
    IntermediateONN : Cor_forONN: no visible global function definition for
     ‘cor’
    Limit_forNN: no visible global function definition for ‘rnorm’
    Limit_forNN: no visible global function definition for ‘cor’
    Limit_forONN: no visible global function definition for ‘rnorm’
    Limit_forONN: no visible global function definition for ‘cor’
    Undefined global functions or variables:
     cor rnorm
    Consider adding
     importFrom("stats", "cor", "rnorm")
    to your NAMESPACE.
Flavors: r-devel-linux-x86_64-debian-gcc, r-devel-linux-x86_64-fedora-clang, r-devel-linux-x86_64-fedora-gcc, r-devel-windows-ix86+x86_64