CRAN Package Check Results for Package DStree

Last updated on 2015-11-20 00:47:18.

Flavor Version Tinstall Tcheck Ttotal Status Flags
r-devel-linux-x86_64-debian-gcc 1.0 18.50 46.16 64.66 NOTE
r-devel-linux-x86_64-fedora-clang 1.0 139.37 NOTE
r-devel-linux-x86_64-fedora-gcc 1.0 142.03 NOTE
r-devel-osx-x86_64-clang 1.0 125.66 OK
r-devel-windows-ix86+x86_64 1.0 85.00 129.00 214.00 NOTE
r-patched-linux-x86_64 1.0 19.88 49.37 69.24 OK
r-patched-solaris-sparc 1.0 801.40 OK
r-patched-solaris-x86 1.0 162.30 OK
r-release-linux-x86_64 1.0 19.67 51.16 70.83 OK
r-release-osx-x86_64-mavericks 1.0 OK
r-release-windows-ix86+x86_64 1.0 72.00 127.00 199.00 OK
r-oldrel-windows-ix86+x86_64 1.0 83.00 174.00 257.00 OK

Memtest notes: clang-UBSAN

Check Details

Version: 1.0
Check: R code for possible problems
Result: NOTE
    DStree: no visible global function definition for ‘model.frame’
    DStree: no visible global function definition for ‘model.matrix’
    DStree: no visible global function definition for ‘model.response’
    DStree: no visible global function definition for ‘as.formula’
    bag: no visible global function definition for ‘model.frame’
    bag: no visible global function definition for ‘model.response’
    plot.DStree: no visible global function definition for ‘par’
    plot.DStree: no visible global function definition for ‘plot’
    plot.DStree: no visible global function definition for ‘rainbow’
    plot.DStree: no visible global function definition for ‘lines’
    plot.DStree: no visible global function definition for ‘legend’
    predict.DStree: no visible global function definition for ‘predict’
    print.DStree: no visible global function definition for ‘naprint’
    prune.DStree: no visible global function definition for ‘median’
    prune.DStree: no visible global function definition for ‘predict’
    prune.DStree: no visible binding for global variable ‘var’
    summ.MAE: no visible global function definition for ‘predict’
    summary.DStree: no visible global function definition for ‘naprint’
    Undefined global functions or variables:
     as.formula legend lines median model.frame model.matrix
     model.response naprint par plot predict rainbow var
    Consider adding
     importFrom("grDevices", "rainbow")
     importFrom("graphics", "legend", "lines", "par", "plot")
     importFrom("stats", "as.formula", "median", "model.frame",
     "model.matrix", "model.response", "naprint", "predict",
     "var")
    to your NAMESPACE.
Flavors: r-devel-linux-x86_64-debian-gcc, r-devel-linux-x86_64-fedora-clang, r-devel-linux-x86_64-fedora-gcc, r-devel-windows-ix86+x86_64