Last updated on 2015-11-20 00:47:17.
Flavor | Version | Tinstall | Tcheck | Ttotal | Status | Flags |
---|---|---|---|---|---|---|
r-devel-linux-x86_64-debian-gcc | 0.8.1 | 1.59 | 174.65 | 176.24 | NOTE | |
r-devel-linux-x86_64-fedora-clang | 0.8.1 | 422.45 | NOTE | |||
r-devel-linux-x86_64-fedora-gcc | 0.8.1 | 517.15 | NOTE | |||
r-devel-osx-x86_64-clang | 0.8.1 | 481.84 | NOTE | |||
r-devel-windows-ix86+x86_64 | 0.8.1 | 11.00 | 344.00 | 355.00 | NOTE | |
r-patched-linux-x86_64 | 0.8.1 | 1.73 | 177.94 | 179.67 | NOTE | |
r-patched-solaris-sparc | 0.8.1 | 2155.90 | NOTE | |||
r-patched-solaris-x86 | 0.8.1 | 579.50 | NOTE | |||
r-release-linux-x86_64 | 0.8.1 | 1.66 | 203.93 | 205.60 | NOTE | |
r-release-osx-x86_64-mavericks | 0.8.1 | NOTE | ||||
r-release-windows-ix86+x86_64 | 0.8.1 | 9.00 | 396.00 | 405.00 | NOTE | |
r-oldrel-windows-ix86+x86_64 | 0.8.1 | 12.00 | 316.00 | 328.00 | NOTE |
Version: 0.8.1
Check: installed package size
Result: NOTE
installed size is 9.3Mb
sub-directories of 1Mb or more:
examples 2.4Mb
htmlwidgets 4.7Mb
img 2.0Mb
Flavors: r-devel-linux-x86_64-debian-gcc, r-devel-linux-x86_64-fedora-clang, r-devel-linux-x86_64-fedora-gcc, r-devel-osx-x86_64-clang, r-devel-windows-ix86+x86_64, r-patched-linux-x86_64, r-patched-solaris-sparc, r-patched-solaris-x86, r-release-linux-x86_64, r-release-osx-x86_64-mavericks, r-release-windows-ix86+x86_64, r-oldrel-windows-ix86+x86_64