CRAN Package Check Results for Package FME

Last updated on 2015-11-20 00:47:28.

Flavor Version Tinstall Tcheck Ttotal Status Flags
r-devel-linux-x86_64-debian-gcc 1.3.2 1.47 177.14 178.62 NOTE
r-devel-linux-x86_64-fedora-clang 1.3.2 362.27 NOTE
r-devel-linux-x86_64-fedora-gcc 1.3.2 353.84 NOTE
r-devel-osx-x86_64-clang 1.3.2 378.56 NOTE
r-devel-windows-ix86+x86_64 1.3.2 13.00 336.00 349.00 NOTE
r-patched-linux-x86_64 1.3.2 1.49 179.71 181.20 NOTE
r-patched-solaris-sparc 1.3.2 2171.00 NOTE
r-patched-solaris-x86 1.3.2 363.10 NOTE
r-release-linux-x86_64 1.3.2 1.44 184.96 186.40 NOTE
r-release-osx-x86_64-mavericks 1.3.2 NOTE
r-release-windows-ix86+x86_64 1.3.2 9.00 331.00 340.00 NOTE
r-oldrel-windows-ix86+x86_64 1.3.2 11.00 397.00 408.00 OK

Check Details

Version: 1.3.2
Check: DESCRIPTION meta-information
Result: NOTE
    Malformed Title field: should not end in a period.
Flavors: r-devel-linux-x86_64-debian-gcc, r-devel-linux-x86_64-fedora-clang, r-devel-linux-x86_64-fedora-gcc, r-devel-osx-x86_64-clang, r-devel-windows-ix86+x86_64, r-patched-linux-x86_64, r-patched-solaris-sparc, r-patched-solaris-x86, r-release-linux-x86_64, r-release-osx-x86_64-mavericks, r-release-windows-ix86+x86_64

Version: 1.3.2
Check: R code for possible problems
Result: NOTE
    Accept: no visible global function definition for ‘runif’
    Latinhyper: no visible global function definition for ‘runif’
    Norm: no visible global function definition for ‘rnorm’
    Unif: no visible global function definition for ‘runif’
    collFun: no visible global function definition for ‘tail’
    cross2long: no visible global function definition for ‘stack’
    cross2long: no visible global function definition for ‘complete.cases’
    gaussianWeights: no visible global function definition for ‘dnorm’
    hist.modMCMC: no visible global function definition for ‘devAskNewPage’
    modCost: no visible global function definition for ‘approx’
    modCost: no visible global function definition for ‘sd’
    modCost: no visible global function definition for ‘dnorm’
    modFit: no visible global function definition for ‘optim’
    modFit: no visible global function definition for ‘nlminb’
    modFit: no visible global function definition for ‘nlm’
    modMCMC : NewParsMN: no visible global function definition for ‘rnorm’
    modMCMC : NewPars: no visible global function definition for ‘rnorm’
    modMCMC: no visible global function definition for ‘rgamma’
    modMCMC: no visible global function definition for ‘cov’
    modMCMC: no visible global function definition for ‘var’
    obsplot: no visible global function definition for ‘devAskNewPage’
    pairs.modCRL : panel.main: no visible global function definition for
     ‘points’
    pairs.modMCMC : panel.main: no visible global function definition for
     ‘points’
    panel.cor: no visible global function definition for ‘text’
    panel.cor: no visible global function definition for ‘cor’
    panel.hist: no visible global function definition for ‘par’
    panel.hist: no visible global function definition for ‘hist’
    panel.hist: no visible global function definition for ‘rect’
    plot.modCRL: no visible global function definition for ‘devAskNewPage’
    plot.modCRL: no visible global function definition for ‘lines’
    plot.modCRL: no visible global function definition for ‘lowess’
    plot.modCost: no visible global function definition for ‘legend’
    plot.modFit: no visible global function definition for ‘devAskNewPage’
    plot.modFit: no visible global function definition for ‘plot’
    plot.modMCMC: no visible global function definition for ‘devAskNewPage’
    plot.modMCMC: no visible global function definition for ‘lines’
    plot.modMCMC: no visible global function definition for ‘lowess’
    plot.modMCMC: no visible global function definition for ‘plot’
    plot.sensFun: no visible global function definition for ‘par’
    plot.sensFun: no visible global function definition for
     ‘dev.interactive’
    plot.sensFun: no visible global function definition for ‘devAskNewPage’
    plot.sensFun: no visible global function definition for ‘legend’
    plot.sensRange: no visible global function definition for
     ‘devAskNewPage’
    plot.sensRange: no visible global function definition for ‘boxplot’
    plot.summary.sensFun: no visible global function definition for ‘par’
    plot.summary.sensFun: no visible global function definition for
     ‘abline’
    plot.summary.sensRange: no visible global function definition for
     ‘grey’
    plot.summary.sensRange: no visible global function definition for
     ‘devAskNewPage’
    plot.summary.sensRange: no visible global function definition for
     ‘polygon’
    plot.summary.sensRange: no visible global function definition for
     ‘legend’
    plot.summary.sensRange: no visible global function definition for
     ‘dotchart’
    plot.summary.sensRange: no visible global function definition for
     ‘segments’
    print.summary.modFit: no visible global function definition for
     ‘printCoefmat’
    print.summary.modFit: no visible global function definition for
     ‘cov2cor’
    pseudoOptim: no visible global function definition for ‘runif’
    setplotpar: no visible global function definition for ‘par’
    setplotpar: no visible global function definition for ‘dev.interactive’
    summary.modFit: no visible global function definition for ‘pt’
    summary.modMCMC: no visible binding for global variable ‘sd’
    summary.modMCMC: no visible binding for global variable ‘quantile’
    summary.sensFun: no visible global function definition for ‘aggregate’
    summary.sensRange: no visible binding for global variable ‘sd’
    summary.sensRange : <anonymous>: no visible global function definition
     for ‘quantile’
    summary.sensRange: no visible global function definition for ‘quantile’
    Undefined global functions or variables:
     abline aggregate approx boxplot complete.cases cor cov cov2cor
     dev.interactive devAskNewPage dnorm dotchart grey hist legend lines
     lowess nlm nlminb optim par plot points polygon printCoefmat pt
     quantile rect rgamma rnorm runif sd segments stack tail text var
    Consider adding
     importFrom("grDevices", "dev.interactive", "devAskNewPage", "grey")
     importFrom("graphics", "abline", "boxplot", "dotchart", "hist",
     "legend", "lines", "par", "plot", "points", "polygon",
     "rect", "segments", "text")
     importFrom("stats", "aggregate", "approx", "complete.cases", "cor",
     "cov", "cov2cor", "dnorm", "lowess", "nlm", "nlminb",
     "optim", "printCoefmat", "pt", "quantile", "rgamma",
     "rnorm", "runif", "sd", "var")
     importFrom("utils", "stack", "tail")
    to your NAMESPACE.
Flavors: r-devel-linux-x86_64-debian-gcc, r-devel-linux-x86_64-fedora-clang, r-devel-linux-x86_64-fedora-gcc, r-devel-windows-ix86+x86_64