Last updated on 2015-11-20 00:47:35.
Flavor | Version | Tinstall | Tcheck | Ttotal | Status | Flags |
---|---|---|---|---|---|---|
r-devel-linux-x86_64-debian-gcc | 0.9.7 | 1.43 | 13.95 | 15.38 | NOTE | |
r-devel-linux-x86_64-fedora-clang | 0.9.7 | 28.99 | NOTE | |||
r-devel-linux-x86_64-fedora-gcc | 0.9.7 | 27.26 | NOTE | |||
r-devel-osx-x86_64-clang | 0.9.7 | 32.54 | OK | |||
r-devel-windows-ix86+x86_64 | 0.9.7 | 11.00 | 38.00 | 49.00 | NOTE | |
r-patched-linux-x86_64 | 0.9.7 | 1.34 | 14.31 | 15.65 | OK | |
r-patched-solaris-sparc | 0.9.7 | 188.20 | OK | |||
r-patched-solaris-x86 | 0.9.7 | 39.40 | OK | |||
r-release-linux-x86_64 | 0.9.7 | 1.44 | 15.67 | 17.12 | OK | |
r-release-osx-x86_64-mavericks | 0.9.7 | OK | ||||
r-release-windows-ix86+x86_64 | 0.9.7 | 10.00 | 33.00 | 43.00 | OK | |
r-oldrel-windows-ix86+x86_64 | 0.9.7 | 13.00 | 40.00 | 53.00 | OK |
Version: 0.9.7
Check: R code for possible problems
Result: NOTE
monet.read.csv: no visible binding for global variable ‘read.csv’
monetdb.read.csv: no visible binding for global variable ‘read.csv’
monetdb.server.start: no visible global function definition for
‘read.table’
dbGetInfo,MonetDBDriver: no visible global function definition for
‘packageVersion’
dbWriteTable,MonetDBConnection: no visible global function definition
for ‘write.table’
Undefined global functions or variables:
packageVersion read.csv read.table write.table
Consider adding
importFrom("utils", "packageVersion", "read.csv", "read.table",
"write.table")
to your NAMESPACE.
Flavors: r-devel-linux-x86_64-debian-gcc, r-devel-linux-x86_64-fedora-clang, r-devel-linux-x86_64-fedora-gcc, r-devel-windows-ix86+x86_64