Last updated on 2015-11-20 00:47:37.
Flavor | Version | Tinstall | Tcheck | Ttotal | Status | Flags |
---|---|---|---|---|---|---|
r-devel-linux-x86_64-debian-gcc | 0.1-3 | 1.25 | 8.02 | 9.27 | NOTE | |
r-devel-linux-x86_64-fedora-clang | 0.1-3 | 17.45 | NOTE | |||
r-devel-linux-x86_64-fedora-gcc | 0.1-3 | 16.28 | NOTE | |||
r-devel-osx-x86_64-clang | 0.1-3 | 19.31 | NOTE | |||
r-patched-linux-x86_64 | 0.1-3 | 1.23 | 7.82 | 9.05 | NOTE | |
r-release-linux-x86_64 | 0.1-3 | 1.24 | 9.19 | 10.43 | NOTE | |
r-release-osx-x86_64-mavericks | 0.1-3 | ERROR |
Version: 0.1-3
Check: DESCRIPTION meta-information
Result: NOTE
Deprecated license: BSD
Flavors: r-devel-linux-x86_64-debian-gcc, r-devel-linux-x86_64-fedora-clang, r-devel-linux-x86_64-fedora-gcc, r-devel-osx-x86_64-clang, r-patched-linux-x86_64, r-release-linux-x86_64
Version: 0.1-3
Check: top-level files
Result: NOTE
File
LICENSE
is not mentioned in the DESCRIPTION file.
Flavors: r-devel-linux-x86_64-debian-gcc, r-devel-linux-x86_64-fedora-clang, r-devel-linux-x86_64-fedora-gcc, r-devel-osx-x86_64-clang, r-patched-linux-x86_64, r-release-linux-x86_64
Version: 0.1-3
Check: S3 generic/method consistency
Result: NOTE
Found the following apparent S3 methods exported but not registered:
as.character.clFloat as.double.clFloat as.integer.clFloat
length.clFloat length<-.clFloat oclInfo.clDeviceID
oclInfo.clPlatformID oclInfo.list print.clFloat
See section ‘Registering S3 methods’ in the ‘Writing R Extensions’
manual.
Flavors: r-devel-linux-x86_64-debian-gcc, r-devel-linux-x86_64-fedora-clang, r-devel-linux-x86_64-fedora-gcc, r-devel-osx-x86_64-clang, r-patched-linux-x86_64, r-release-linux-x86_64
Version: 0.1-3
Check: whether package can be installed
Result: ERROR
Installation failed.
Flavor: r-release-osx-x86_64-mavericks