Last updated on 2015-11-20 00:47:39.
Flavor | Version | Tinstall | Tcheck | Ttotal | Status | Flags |
---|---|---|---|---|---|---|
r-devel-linux-x86_64-debian-gcc | 0.6 | 0.89 | 12.65 | 13.54 | NOTE | |
r-devel-linux-x86_64-fedora-clang | 0.6 | 25.32 | NOTE | |||
r-devel-linux-x86_64-fedora-gcc | 0.6 | 23.76 | NOTE | |||
r-devel-osx-x86_64-clang | 0.6 | 31.23 | NOTE | |||
r-devel-windows-ix86+x86_64 | 0.6 | 7.00 | 32.00 | 39.00 | NOTE | |
r-patched-linux-x86_64 | 0.6 | 0.92 | 13.18 | 14.10 | NOTE | |
r-patched-solaris-sparc | 0.6 | 162.00 | NOTE | |||
r-patched-solaris-x86 | 0.6 | 33.90 | NOTE | |||
r-release-linux-x86_64 | 0.6 | 0.93 | 15.57 | 16.50 | NOTE | |
r-release-osx-x86_64-mavericks | 0.6 | NOTE | ||||
r-release-windows-ix86+x86_64 | 0.6 | 7.00 | 31.00 | 38.00 | NOTE | |
r-oldrel-windows-ix86+x86_64 | 0.6 | 9.00 | 35.00 | 44.00 | OK |
Version: 0.6
Check: DESCRIPTION meta-information
Result: NOTE
Malformed Title field: should not end in a period.
Flavors: r-devel-linux-x86_64-debian-gcc, r-devel-linux-x86_64-fedora-clang, r-devel-linux-x86_64-fedora-gcc, r-devel-osx-x86_64-clang, r-devel-windows-ix86+x86_64, r-patched-linux-x86_64, r-patched-solaris-sparc, r-patched-solaris-x86, r-release-linux-x86_64, r-release-osx-x86_64-mavericks, r-release-windows-ix86+x86_64
Version: 0.6
Check: R code for possible problems
Result: NOTE
.check.version: no visible global function definition for
‘compareVersion’
create.project: no visible global function definition for ‘untar’
csv.reader: no visible global function definition for ‘unzip’
csv.reader: no visible global function definition for ‘read.csv’
csv2.reader: no visible global function definition for ‘unzip’
csv2.reader: no visible global function definition for ‘read.csv’
sql.reader: no visible global function definition for ‘modifyList’
test.project: no visible global function definition for
‘packageVersion’
translate.dcf: no visible global function definition for ‘setNames’
tsv.reader: no visible global function definition for ‘unzip’
tsv.reader: no visible global function definition for ‘read.csv’
url.reader: no visible global function definition for ‘download.file’
wsv.reader: no visible global function definition for ‘unzip’
wsv.reader: no visible global function definition for ‘read.table’
Undefined global functions or variables:
compareVersion download.file modifyList packageVersion read.csv
read.table setNames untar unzip
Consider adding
importFrom("stats", "setNames")
importFrom("utils", "compareVersion", "download.file", "modifyList",
"packageVersion", "read.csv", "read.table", "untar",
"unzip")
to your NAMESPACE.
Flavors: r-devel-linux-x86_64-debian-gcc, r-devel-linux-x86_64-fedora-clang, r-devel-linux-x86_64-fedora-gcc, r-devel-windows-ix86+x86_64
Version: 0.6
Check: package dependencies
Result: NOTE
Package suggested but not available for checking: ‘RMySQL’
Flavors: r-patched-solaris-sparc, r-patched-solaris-x86
Version: 0.6
Check: package dependencies
Result: NOTE
Packages suggested but not available for checking: ‘RODBC’ ‘RPostgreSQL’
Flavor: r-release-osx-x86_64-mavericks