Last updated on 2015-11-20 00:47:40.
Flavor | Version | Tinstall | Tcheck | Ttotal | Status | Flags |
---|---|---|---|---|---|---|
r-devel-linux-x86_64-debian-gcc | 2.1.1 | 0.56 | 36.79 | 37.36 | OK | |
r-devel-linux-x86_64-fedora-clang | 2.1.1 | 65.50 | OK | |||
r-devel-linux-x86_64-fedora-gcc | 2.1.1 | 64.64 | OK | |||
r-devel-osx-x86_64-clang | 2.1.1 | 64.29 | OK | |||
r-devel-windows-ix86+x86_64 | 2.1.1 | 5.00 | 74.00 | 79.00 | OK | |
r-patched-linux-x86_64 | 2.1.1 | 0.60 | 37.33 | 37.92 | OK | |
r-patched-solaris-sparc | 2.1.1 | 142.60 | NOTE | |||
r-patched-solaris-x86 | 2.1.1 | 31.80 | NOTE | |||
r-release-linux-x86_64 | 2.1.1 | 0.64 | 38.82 | 39.46 | OK | |
r-release-osx-x86_64-mavericks | 2.1.1 | OK | ||||
r-release-windows-ix86+x86_64 | 2.1.1 | 4.00 | 74.00 | 78.00 | OK | |
r-oldrel-windows-ix86+x86_64 | 2.1.1 | 4.00 | 79.00 | 83.00 | OK |
Version: 2.1.1
Check: package dependencies
Result: NOTE
Package suggested but not available for checking: ‘microbenchmark’
Flavors: r-patched-solaris-sparc, r-patched-solaris-x86
Version: 2.1.1
Check: re-building of vignette outputs
Result: NOTE
Error in re-building vignettes:
...
Quitting from lines 17-32 (Performance.Rmd)
Error: processing vignette 'Performance.Rmd' failed with diagnostics:
there is no package called 'microbenchmark'
Execution halted
Flavors: r-patched-solaris-sparc, r-patched-solaris-x86