CRAN Package Check Results for Package RCMIP5

Last updated on 2015-11-20 00:47:41.

Flavor Version Tinstall Tcheck Ttotal Status Flags
r-devel-linux-x86_64-debian-gcc 1.1 1.39 43.23 44.62 NOTE
r-devel-linux-x86_64-fedora-clang 1.1 82.73 NOTE
r-devel-linux-x86_64-fedora-gcc 1.1 83.10 NOTE
r-devel-osx-x86_64-clang 1.1 95.08 NOTE
r-devel-windows-ix86+x86_64 1.1 6.00 79.00 85.00 NOTE
r-patched-linux-x86_64 1.1 1.45 44.21 45.66 NOTE
r-patched-solaris-sparc 1.1 562.40 NOTE
r-patched-solaris-x86 1.1 103.60 NOTE
r-release-linux-x86_64 1.1 1.39 44.37 45.76 NOTE
r-release-osx-x86_64-mavericks 1.1 NOTE
r-release-windows-ix86+x86_64 1.1 7.00 81.00 88.00 NOTE
r-oldrel-windows-ix86+x86_64 1.1 12.00 108.00 120.00 NOTE

Check Details

Version: 1.1
Check: dependencies in R code
Result: NOTE
    'library' or 'require' calls in package code:
     ‘ggplot2’ ‘ncdf’ ‘ncdf4’
     Please use :: or requireNamespace() instead.
     See section 'Suggested packages' in the 'Writing R Extensions' manual.
Flavors: r-devel-linux-x86_64-debian-gcc, r-devel-linux-x86_64-fedora-clang, r-devel-linux-x86_64-fedora-gcc, r-devel-osx-x86_64-clang, r-devel-windows-ix86+x86_64, r-patched-linux-x86_64, r-patched-solaris-sparc, r-patched-solaris-x86, r-release-linux-x86_64, r-release-osx-x86_64-mavericks, r-release-windows-ix86+x86_64, r-oldrel-windows-ix86+x86_64

Version: 1.1
Check: R code for possible problems
Result: NOTE
    addProvenance: no visible global function definition for
     ‘packageVersion’
    addProvenance: no visible global function definition for
     ‘capture.output’
    cmip5data: no visible global function definition for ‘runif’
    filterDimensionTimeMonths: no visible binding for global variable
     ‘time’
    makeGlobalStat: no visible binding for global variable ‘weighted.mean’
    makePackageData: no visible global function definition for
     ‘object.size’
    saveNetCDF: no visible global function definition for ‘packageVersion’
    saveNetCDF: no visible global function definition for ‘write.csv’
    summary.cmip5data: no visible global function definition for
     ‘object.size’
    weighted.sum: no visible global function definition for ‘weighted.mean’
    worldPlot: no visible global function definition for ‘quantile’
    worldPlot: no visible global function definition for ‘rainbow’
    Undefined global functions or variables:
     capture.output object.size packageVersion quantile rainbow runif time
     weighted.mean write.csv
    Consider adding
     importFrom("grDevices", "rainbow")
     importFrom("stats", "quantile", "runif", "time", "weighted.mean")
     importFrom("utils", "capture.output", "object.size", "packageVersion",
     "write.csv")
    to your NAMESPACE.
Flavors: r-devel-linux-x86_64-debian-gcc, r-devel-linux-x86_64-fedora-clang, r-devel-linux-x86_64-fedora-gcc, r-devel-windows-ix86+x86_64

Version: 1.1
Check: package dependencies
Result: NOTE
    Package suggested but not available for checking: 'ncdf4'
Flavors: r-devel-windows-ix86+x86_64, r-release-windows-ix86+x86_64, r-oldrel-windows-ix86+x86_64