CRAN Package Check Results for Package RGraphics

Last updated on 2015-11-20 00:47:42.

Flavor Version Tinstall Tcheck Ttotal Status Flags
r-devel-linux-x86_64-debian-gcc 2.0-12 1.83 34.14 35.97 NOTE
r-devel-linux-x86_64-fedora-clang 2.0-13 67.57 NOTE
r-devel-linux-x86_64-fedora-gcc 2.0-13 61.65 NOTE
r-devel-osx-x86_64-clang 2.0-13 72.62 NOTE
r-devel-windows-ix86+x86_64 2.0-13 14.00 77.00 91.00 NOTE
r-patched-linux-x86_64 2.0-12 2.07 33.27 35.34 NOTE
r-patched-solaris-sparc 2.0-12 416.50 NOTE
r-patched-solaris-x86 2.0-13 78.10 NOTE
r-release-linux-x86_64 2.0-12 2.00 35.08 37.08 NOTE
r-release-osx-x86_64-mavericks 2.0-12 NOTE
r-release-windows-ix86+x86_64 2.0-12 9.00 62.00 71.00 NOTE
r-oldrel-windows-ix86+x86_64 2.0-13 19.00 118.00 137.00 NOTE

Check Details

Version: 2.0-12
Check: installed package size
Result: NOTE
     installed size is 9.7Mb
     sub-directories of 1Mb or more:
     extra 9.4Mb
Flavors: r-devel-linux-x86_64-debian-gcc, r-patched-linux-x86_64, r-patched-solaris-sparc, r-release-linux-x86_64, r-release-osx-x86_64-mavericks, r-release-windows-ix86+x86_64

Version: 2.0-12
Check: dependencies in R code
Result: NOTE
    'library' or 'require' calls in package code:
     ‘Hmisc’ ‘MASS’ ‘Rcmdr’ ‘Rgraphviz’ ‘SVGAnnotation’ ‘TeachingDemos’
     ‘agricolae’ ‘animation’ ‘circular’ ‘cluster’ ‘colorspace’ ‘diagram’
     ‘gWidgetsRGtk2’ ‘gplots’ ‘grImport’ ‘graph’ ‘gridBase’ ‘gridExtra’
     ‘hexbin’ ‘hyperdraw’ ‘hypergraph’ ‘igraph’ ‘iplots’ ‘ipred’
     ‘latticeExtra’ ‘mapdata’ ‘maps’ ‘maptools’ ‘misc3d’ ‘network’
     ‘openair’ ‘oz’ ‘party’ ‘pixmap’ ‘playwith’ ‘plotrix’ ‘pmg’ ‘png’
     ‘quantmod’ ‘raster’ ‘rgdal’ ‘rggobi’ ‘rgl’ ‘scatterplot3d’
     ‘soiltexture’ ‘symbols’ ‘vcd’ ‘vcdExtra’ ‘venneuler’ ‘vrmlgen’
     Please use :: or requireNamespace() instead.
     See section 'Suggested packages' in the 'Writing R Extensions' manual.
    Missing or unexported objects:
     ‘gridExtra::grid.barbed’ ‘gridExtra::grid.pattern’
Flavors: r-devel-linux-x86_64-debian-gcc, r-patched-linux-x86_64, r-patched-solaris-sparc, r-release-linux-x86_64, r-release-windows-ix86+x86_64

Version: 2.0-12
Check: S3 generic/method consistency
Result: NOTE
    Found the following apparent S3 methods exported but not registered:
     plot.newclass
    See section ‘Registering S3 methods’ in the ‘Writing R Extensions’
    manual.
Flavors: r-devel-linux-x86_64-debian-gcc, r-patched-linux-x86_64, r-patched-solaris-sparc, r-release-linux-x86_64

Version: 2.0-12
Check: R code for possible problems
Result: NOTE
    figure1.1: no visible binding for global variable ‘pressure’
    figure1.2: no visible global function definition for ‘rnorm’
    figure1.2: no visible global function definition for ‘dnorm’
    figure1.2: no visible binding for global variable ‘VADeaths’
    figure1.2: no visible binding for global variable ‘ToothGrowth’
    figure1.3 : estN: no visible global function definition for ‘uniroot’
    figure1.3 : critP: no visible global function definition for ‘uniroot’
    figure1.9: no visible global function definition for ‘data’
    figure11.1: no visible binding for global variable ‘faithful’
    figure11.1: no visible global function definition for ‘capture.output’
    figure11.10: no visible global function definition for ‘rnorm’
    figure11.11: no visible global function definition for ‘window’
    figure11.11: no visible binding for global variable ‘Nile’
    figure11.12: no visible binding for global variable ‘pressure’
    figure11.13: no visible binding for global variable ‘pressure’
    figure11.2: no visible binding for global variable ‘pressure’
    figure11.3: no visible binding for global variable ‘pressure’
    figure11.4: no visible global function definition for ‘rnorm’
    figure11.5: no visible global function definition for ‘runif’
    figure11.5: no visible global function definition for ‘rnorm’
    figure11.8: no visible binding for global variable ‘mtcars’
    figure12.1: no visible binding for global variable ‘Titanic’
    figure12.1: no visible global function definition for ‘head’
    figure12.2: no visible binding for global variable ‘USJudgeRatings’
    figure12.3: no visible global function definition for ‘data’
    figure12.4: no visible global function definition for ‘aggregate’
    figure12.4: no visible global function definition for ‘head’
    figure12.5: no visible global function definition for ‘density’
    figure12.7: no visible global function definition for ‘data’
    figure13.1: no visible global function definition for ‘read.table’
    figure13.6: no visible global function definition for ‘read.table’
    figure16.10 : radius: no visible global function definition for
     ‘pchisq’
    figure16.11: no visible global function definition for ‘read.csv’
    figure16.3: no visible global function definition for ‘read.csv’
    figure16.4: no visible global function definition for ‘read.csv’
    figure16.5: no visible global function definition for ‘read.csv’
    figure16.6: no visible global function definition for ‘read.csv’
    figure16.7: no visible global function definition for ‘read.csv’
    figure16.8: no visible global function definition for ‘read.csv’
    figure16.9: no visible global function definition for ‘read.csv’
    figure17.13: no visible binding for global variable ‘mtcars’
    figure17.16: no visible binding for global variable ‘mtcars’
    figure17.3: no visible binding for global variable ‘mtcars’
    figure17.4: no visible binding for global variable ‘mtcars’
    figure17.7: no visible binding for global variable ‘mtcars’
    figure17.8: no visible binding for global variable ‘mtcars’
    figure17.9: no visible binding for global variable ‘mtcars’
    figure19.2: no visible global function definition for ‘hclust’
    figure19.2: no visible global function definition for ‘dist’
    figure19.2: no visible binding for global variable ‘USArrests’
    figure19.2: no visible global function definition for ‘as.dendrogram’
    figure2.1: no visible global function definition for ‘rnorm’
    figure2.2: no visible global function definition for ‘lm’
    figure2.2: no visible binding for global variable ‘LifeCycleSavings’
    figure2.3: no visible binding for global variable ‘iris’
    figure2.4: no visible global function definition for ‘capture.output’
    figure2.5: no visible global function definition for ‘rnorm’
    figure2.6: no visible binding for global variable ‘USJudgeRatings’
    figure2.7: no visible binding for global variable ‘OrchardSprays’
    figure2.7: no visible binding for global variable ‘VADeaths’
    figure2.8: no visible global function definition for ‘rnorm’
    figure2.9: no visible global function definition for ‘hclust’
    figure2.9: no visible global function definition for ‘dist’
    figure2.9: no visible binding for global variable ‘USArrests’
    figure2.9: no visible global function definition for ‘as.dendrogram’
    figure3.14: no visible global function definition for ‘rnorm’
    figure3.16: no visible global function definition for ‘runif’
    figure3.16: no visible global function definition for ‘rnorm’
    figure3.16: no visible global function definition for ‘lm’
    figure3.16: no visible global function definition for ‘predict’
    figure3.18: no visible global function definition for ‘rnorm’
    figure3.19: no visible binding for global variable ‘iris’
    figure3.19: no visible binding for global variable ‘VADeaths’
    figure3.20: no visible global function definition for ‘runif’
    figure3.22: no visible global function definition for ‘ts’
    figure3.22: no visible binding for global variable ‘nhtemp’
    figure3.22: no visible binding for global variable ‘trees’
    figure3.23: no visible global function definition for ‘rnorm’
    figure3.24: no visible binding for global variable ‘ToothGrowth’
    figure3.25: no visible binding for global variable ‘iris’
    figure3.26: no visible binding for global variable ‘volcano’
    figure3.27: no visible binding for global variable ‘Titanic’
    figure4.1: no visible binding for global variable ‘pressure’
    figure4.10: no visible binding for global variable ‘mtcars’
    figure4.11: no visible binding for global variable ‘mtcars’
    figure4.13 : <anonymous>: no visible global function definition for
     ‘dpois’
    figure4.2: no visible binding for global variable ‘pressure’
    figure4.4: no visible binding for global variable ‘mtcars’
    figure4.5: no visible binding for global variable ‘mtcars’
    figure4.6: no visible binding for global variable ‘mtcars’
    figure4.7: no visible binding for global variable ‘mtcars’
    figure4.8: no visible binding for global variable ‘mtcars’
    figure4.9: no visible binding for global variable ‘mtcars’
    figure5.1: no visible binding for global variable ‘pressure’
    figure5.10: no visible binding for global variable ‘mtcars’
    figure5.11: no visible binding for global variable ‘mtcars’
    figure5.13: no visible binding for global variable ‘mtcars’
    figure5.14: no visible binding for global variable ‘mtcars’
    figure5.15: no visible binding for global variable ‘mtcars’
    figure5.2: no visible binding for global variable ‘pressure’
    figure5.4: no visible binding for global variable ‘mtcars’
    figure5.4: no visible global function definition for ‘coef’
    figure5.4: no visible global function definition for ‘lm’
    figure5.5: no visible binding for global variable ‘mtcars’
    figure5.8: no visible binding for global variable ‘mtcars’
    figure5.9: no visible binding for global variable ‘mtcars’
    figure6.1: no visible binding for global variable ‘pressure’
    figure6.23: no visible binding for global variable ‘mtcars’
    figure6.24: no visible binding for global variable ‘mtcars’
    figure6.25: no visible binding for global variable ‘mtcars’
    figure6.26: no visible binding for global variable ‘mtcars’
    figure7.10: no visible global function definition for ‘runif’
    figure7.13: no visible binding for global variable ‘mtcars’
    figure7.13: no visible binding for global variable ‘lm’
    figure7.6: no visible global function definition for ‘runif’
    figure8.26: no visible binding for global variable ‘pressure’
    figure8.27: no visible binding for global variable ‘pressure’
    Undefined global functions or variables:
     LifeCycleSavings Nile OrchardSprays Titanic ToothGrowth USArrests
     USJudgeRatings VADeaths aggregate as.dendrogram capture.output coef
     data density dist dnorm dpois faithful hclust head iris lm mtcars
     nhtemp pchisq predict pressure read.csv read.table rnorm runif trees
     ts uniroot volcano window
    Consider adding
     importFrom("datasets", "LifeCycleSavings", "Nile", "OrchardSprays",
     "Titanic", "ToothGrowth", "USArrests", "USJudgeRatings",
     "VADeaths", "faithful", "iris", "mtcars", "nhtemp",
     "pressure", "trees", "volcano")
     importFrom("stats", "aggregate", "as.dendrogram", "coef", "density",
     "dist", "dnorm", "dpois", "hclust", "lm", "pchisq",
     "predict", "rnorm", "runif", "ts", "uniroot", "window")
     importFrom("utils", "capture.output", "data", "head", "read.csv",
     "read.table")
    to your NAMESPACE.
Flavor: r-devel-linux-x86_64-debian-gcc

Version: 2.0-13
Check: installed package size
Result: NOTE
     installed size is 9.7Mb
     sub-directories of 1Mb or more:
     extra 9.4Mb
Flavors: r-devel-linux-x86_64-fedora-clang, r-devel-linux-x86_64-fedora-gcc, r-devel-osx-x86_64-clang, r-devel-windows-ix86+x86_64, r-patched-solaris-x86, r-oldrel-windows-ix86+x86_64

Version: 2.0-13
Check: package dependencies
Result: NOTE
    Package suggested but not available for checking: ‘rggobi’
Flavors: r-devel-osx-x86_64-clang, r-patched-solaris-x86

Version: 2.0-12
Check: package dependencies
Result: NOTE
    Packages suggested but not available for checking:
     ‘hyperdraw’ ‘hypergraph’ ‘rggobi’
Flavor: r-patched-solaris-sparc

Version: 2.0-12
Check: package dependencies
Result: NOTE
    Packages suggested but not available for checking:
     ‘gWidgetsRGtk2’ ‘Hmisc’ ‘hyperdraw’ ‘hypergraph’ ‘latticeExtra’
     ‘openair’ ‘playwith’ ‘pmg’ ‘Rcmdr’ ‘rgdal’ ‘rggobi’ ‘SVGAnnotation’
     ‘vcdExtra’
Flavor: r-release-osx-x86_64-mavericks

Version: 2.0-12
Check: dependencies in R code
Result: NOTE
    'library' or 'require' calls in package code:
     ‘Hmisc’ ‘MASS’ ‘Rcmdr’ ‘Rgraphviz’ ‘SVGAnnotation’ ‘TeachingDemos’
     ‘agricolae’ ‘animation’ ‘circular’ ‘cluster’ ‘colorspace’ ‘diagram’
     ‘gWidgetsRGtk2’ ‘gplots’ ‘grImport’ ‘graph’ ‘gridBase’ ‘gridExtra’
     ‘hexbin’ ‘hyperdraw’ ‘hypergraph’ ‘igraph’ ‘iplots’ ‘ipred’
     ‘latticeExtra’ ‘mapdata’ ‘maps’ ‘maptools’ ‘misc3d’ ‘network’
     ‘openair’ ‘oz’ ‘party’ ‘pixmap’ ‘playwith’ ‘plotrix’ ‘pmg’ ‘png’
     ‘quantmod’ ‘raster’ ‘rgdal’ ‘rggobi’ ‘rgl’ ‘scatterplot3d’
     ‘soiltexture’ ‘symbols’ ‘vcd’ ‘vcdExtra’ ‘venneuler’ ‘vrmlgen’
     Please use :: or requireNamespace() instead.
     See section 'Suggested packages' in the 'Writing R Extensions' manual.
Flavor: r-release-osx-x86_64-mavericks