Last updated on 2015-11-20 00:47:41.
Flavor | Version | Tinstall | Tcheck | Ttotal | Status | Flags |
---|---|---|---|---|---|---|
r-devel-linux-x86_64-debian-gcc | 0.2.3 | 45.08 | 29.79 | 74.87 | NOTE | |
r-devel-linux-x86_64-fedora-clang | 0.2.3 | 142.90 | NOTE | |||
r-devel-linux-x86_64-fedora-gcc | 0.2.3 | 162.05 | NOTE | |||
r-devel-osx-x86_64-clang | 0.2.3 | 118.15 | OK | |||
r-devel-windows-ix86+x86_64 | 0.2.3 | 158.00 | 89.00 | 247.00 | OK | |
r-patched-linux-x86_64 | 0.2.3 | 45.40 | 31.63 | 77.03 | NOTE | |
r-patched-solaris-sparc | 0.2.3 | 848.10 | OK | |||
r-patched-solaris-x86 | 0.2.3 | 162.10 | OK | |||
r-release-linux-x86_64 | 0.2.3 | 45.52 | 32.73 | 78.25 | NOTE | |
r-release-osx-x86_64-mavericks | 0.2.3 | NOTE | ||||
r-release-windows-ix86+x86_64 | 0.2.3 | 150.00 | 98.00 | 248.00 | OK | |
r-oldrel-windows-ix86+x86_64 | 0.2.3 | 162.00 | 112.00 | 274.00 | OK |
Version: 0.2.3
Check: installed package size
Result: NOTE
installed size is 7.6Mb
sub-directories of 1Mb or more:
libs 7.3Mb
Flavors: r-devel-linux-x86_64-debian-gcc, r-devel-linux-x86_64-fedora-clang, r-devel-linux-x86_64-fedora-gcc, r-patched-linux-x86_64, r-release-linux-x86_64, r-release-osx-x86_64-mavericks