CRAN Package Check Results for Package RcppClassic

Last updated on 2015-11-20 00:47:41.

Flavor Version Tinstall Tcheck Ttotal Status Flags
r-devel-linux-x86_64-debian-gcc 0.9.6 39.54 36.02 75.56 NOTE
r-devel-linux-x86_64-fedora-clang 0.9.6 164.11 NOTE
r-devel-linux-x86_64-fedora-gcc 0.9.6 135.84 NOTE
r-devel-osx-x86_64-clang 0.9.6 140.28 OK
r-devel-windows-ix86+x86_64 0.9.6 189.00 84.00 273.00 OK
r-patched-linux-x86_64 0.9.6 38.22 37.20 75.42 NOTE
r-patched-solaris-sparc 0.9.6 806.60 OK
r-patched-solaris-x86 0.9.6 149.00 OK
r-release-linux-x86_64 0.9.6 36.58 37.56 74.14 NOTE
r-release-osx-x86_64-mavericks 0.9.6 NOTE
r-release-windows-ix86+x86_64 0.9.6 167.00 98.00 265.00 OK
r-oldrel-windows-ix86+x86_64 0.9.6 175.00 95.00 270.00 OK

Check Details

Version: 0.9.6
Check: installed package size
Result: NOTE
     installed size is 10.9Mb
     sub-directories of 1Mb or more:
     lib 8.3Mb
     libs 2.1Mb
Flavors: r-devel-linux-x86_64-debian-gcc, r-devel-linux-x86_64-fedora-clang, r-devel-linux-x86_64-fedora-gcc, r-patched-linux-x86_64, r-release-linux-x86_64

Version: 0.9.6
Check: re-building of vignette outputs
Result: NOTE
    Error in re-building vignettes:
     ...
    Loading required package: RcppClassic
    Error: processing vignette 'RcppClassic-intro.Rnw' failed with diagnostics:
    "HighlightMain" not available for .Call() for package "highlight"
    Execution halted
Flavor: r-release-osx-x86_64-mavericks