CRAN Package Check Results for Package Rvcg

Last updated on 2015-11-20 00:47:44.

Flavor Version Tinstall Tcheck Ttotal Status Flags
r-devel-linux-x86_64-debian-gcc 0.12.2 182.12 16.48 198.60 NOTE
r-devel-linux-x86_64-fedora-clang 0.12.2 378.69 NOTE
r-devel-linux-x86_64-fedora-gcc 0.12.2 387.19 NOTE
r-devel-osx-x86_64-clang 0.12.2 165.41 OK
r-devel-windows-ix86+x86_64 0.12.2 567.00 51.00 618.00 NOTE
r-patched-linux-x86_64 0.12.2 181.74 16.50 198.24 NOTE
r-patched-solaris-sparc 0.12.2 1764.90 OK
r-patched-solaris-x86 0.12.2 344.90 OK
r-release-linux-x86_64 0.12.2 189.42 18.74 208.16 NOTE
r-release-osx-x86_64-mavericks 0.12.2 NOTE
r-release-windows-ix86+x86_64 0.12.2 535.00 70.00 605.00 OK
r-oldrel-windows-ix86+x86_64 0.12.2 481.00 69.00 550.00 OK

Check Details

Version: 0.12.2
Check: installed package size
Result: NOTE
     installed size is 25.1Mb
     sub-directories of 1Mb or more:
     libs 24.5Mb
Flavors: r-devel-linux-x86_64-debian-gcc, r-devel-linux-x86_64-fedora-clang, r-devel-linux-x86_64-fedora-gcc, r-patched-linux-x86_64, r-release-linux-x86_64, r-release-osx-x86_64-mavericks

Version: 0.12.2
Check: R code for possible problems
Result: NOTE
    bbox: no visible global function definition for ‘dist’
    vcgImport: no visible global function definition for ‘read.table’
    vcgImport: no visible global function definition for ‘rgb’
    vcgPlyWrite.mesh3d: no visible global function definition for ‘col2rgb’
    vcgSample: no visible global function definition for ‘kmeans’
    Undefined global functions or variables:
     col2rgb dist kmeans read.table rgb
    Consider adding
     importFrom("grDevices", "col2rgb", "rgb")
     importFrom("stats", "dist", "kmeans")
     importFrom("utils", "read.table")
    to your NAMESPACE.
Flavors: r-devel-linux-x86_64-debian-gcc, r-devel-linux-x86_64-fedora-clang, r-devel-linux-x86_64-fedora-gcc, r-devel-windows-ix86+x86_64