Last updated on 2015-11-20 00:47:44.
Flavor | Version | Tinstall | Tcheck | Ttotal | Status | Flags |
---|---|---|---|---|---|---|
r-devel-linux-x86_64-debian-gcc | 1.0.4 | 1.46 | 19.98 | 21.44 | NOTE | |
r-devel-linux-x86_64-fedora-clang | 1.0.4 | 41.10 | NOTE | |||
r-devel-linux-x86_64-fedora-gcc | 1.0.4 | 39.10 | NOTE | |||
r-devel-osx-x86_64-clang | 1.0.4 | 46.78 | OK | |||
r-devel-windows-ix86+x86_64 | 1.0.4 | 11.00 | 41.00 | 52.00 | NOTE | |
r-patched-linux-x86_64 | 1.0.4 | 1.54 | 21.00 | 22.54 | OK | |
r-patched-solaris-sparc | 1.0.4 | 269.30 | OK | |||
r-patched-solaris-x86 | 1.0.4 | 61.40 | OK | |||
r-release-linux-x86_64 | 1.0.4 | 1.78 | 22.43 | 24.21 | OK | |
r-release-osx-x86_64-mavericks | 1.0.4 | OK | ||||
r-release-windows-ix86+x86_64 | 1.0.4 | 10.00 | 43.00 | 53.00 | OK | |
r-oldrel-windows-ix86+x86_64 | 1.0.4 | 19.00 | 80.00 | 99.00 | OK |
Version: 1.0.4
Check: R code for possible problems
Result: NOTE
ChooseBest: no visible global function definition for ‘head’
GetScores: no visible global function definition for ‘write.table’
ReportTable: no visible binding for global variable ‘sd’
ReportTable: no visible global function definition for ‘write.table’
Undefined global functions or variables:
head sd write.table
Consider adding
importFrom("stats", "sd")
importFrom("utils", "head", "write.table")
to your NAMESPACE.
Flavors: r-devel-linux-x86_64-debian-gcc, r-devel-linux-x86_64-fedora-clang, r-devel-linux-x86_64-fedora-gcc, r-devel-windows-ix86+x86_64