CRAN Package Check Results for Package SpatialVx

Last updated on 2015-11-20 00:47:46.

Flavor Version Tinstall Tcheck Ttotal Status Flags
r-devel-linux-x86_64-debian-gcc 0.2-4 6.55 105.57 112.12 NOTE
r-devel-linux-x86_64-fedora-clang 0.2-4 235.24 NOTE
r-devel-linux-x86_64-fedora-gcc 0.2-4 228.90 NOTE
r-devel-osx-x86_64-clang 0.2-4 239.28 OK
r-devel-windows-ix86+x86_64 0.2-4 21.00 172.00 193.00 NOTE
r-patched-linux-x86_64 0.2-4 6.13 109.66 115.79 OK
r-patched-solaris-sparc 0.2-4 1435.70 OK
r-patched-solaris-x86 0.2-4 293.50 OK
r-release-linux-x86_64 0.2-4 6.38 112.97 119.35 OK
r-release-osx-x86_64-mavericks 0.2-4 OK
r-release-windows-ix86+x86_64 0.2-4 25.00 174.00 199.00 OK
r-oldrel-windows-ix86+x86_64 0.2-4 39.00 255.00 294.00 OK

Check Details

Version: 0.2-4
Check: R code for possible problems
Result: NOTE
    ACC.default: no visible global function definition for ‘cor’
    CSIsamples.default : stdize.xyz: no visible binding for global variable
     ‘sd’
    CSIsamples.default : generate.sample.csi: no visible global function
     definition for ‘dist’
    CSIsamples.default : generate.sample.csi: no visible global function
     definition for ‘cutree’
    CSIsamples.default: no visible global function definition for ‘kmeans’
    FeatureProps: no visible global function definition for ‘quantile’
    GeoBoxPlot: no visible global function definition for ‘boxplot’
    GeoBoxPlot: no visible global function definition for ‘bxp’
    MCdof : cortester: no visible global function definition for ‘cor.test’
    MCdof: no visible global function definition for ‘cor’
    MCdof: no visible global function definition for ‘quantile’
    MakeClusterList: no visible global function definition for ‘cutree’
    OF.default : cutoff: no visible global function definition for ‘median’
    OF.default : cutoff: no visible global function definition for ‘var’
    QcorrRigid: no visible global function definition for ‘cor’
    aaft2d: no visible global function definition for ‘rnorm’
    aaft2d: no visible global function definition for ‘fft’
    ampstats: no visible global function definition for ‘var’
    ampstats: no visible global function definition for ‘cov’
    ci.FeatureTable: no visible global function definition for ‘qnorm’
    clusterer.default: no visible binding for global variable ‘var’
    clusterer.default: no visible global function definition for ‘dist’
    convthresh: no visible global function definition for ‘quantile’
    corrskill: no visible global function definition for ‘sd’
    fft2d: no visible global function definition for ‘fft’
    fit.spatMLD: no visible global function definition for ‘nls’
    fss2dPlot: no visible global function definition for ‘par’
    fss2dPlot: no visible global function definition for ‘image’
    fss2dPlot: no visible global function definition for ‘text’
    fss2dPlot: no visible global function definition for ‘axis’
    fss2dPlot: no visible global function definition for ‘matplot’
    fss2dPlot: no visible global function definition for ‘abline’
    fss2dPlot: no visible global function definition for ‘box’
    fss2dPlot: no visible global function definition for ‘grid’
    fss2dPlot: no visible global function definition for ‘legend’
    gmm2d.default: no visible global function definition for ‘hist’
    hist.OF: no visible global function definition for ‘image’
    hist.OF: no visible global function definition for ‘gray’
    hist.OF: no visible global function definition for ‘axis’
    hist.OF: no visible global function definition for ‘box’
    hist.OF: no visible global function definition for ‘contour’
    hist.SpatialVx: no visible global function definition for ‘par’
    hist.SpatialVx: no visible global function definition for ‘hist’
    hoods2dPlot: no visible global function definition for ‘image’
    hoods2dPlot: no visible global function definition for ‘heat.colors’
    hoods2dPlot: no visible global function definition for ‘text’
    hoods2dPlot: no visible global function definition for ‘axis’
    hoods2dPlot: no visible global function definition for ‘matplot’
    hoods2dPlot: no visible global function definition for ‘box’
    hoods2dPlot: no visible global function definition for ‘grid’
    hoods2dPlot: no visible global function definition for ‘legend’
    locperf: no visible global function definition for ‘quantile’
    make.SpatialVx: no visible global function definition for ‘quantile’
    optflow: no visible global function definition for ‘lm’
    optflow: no visible global function definition for ‘optim’
    plot.CSIsamples: no visible global function definition for ‘plot’
    plot.EBS: no visible global function definition for ‘par’
    plot.EBS: no visible global function definition for ‘axis’
    plot.EBS: no visible global function definition for ‘mtext’
    plot.FeatureAxis: no visible global function definition for ‘plot’
    plot.FeatureMatchAnalyzer: no visible global function definition for
     ‘par’
    plot.FeatureMatchAnalyzer: no visible global function definition for
     ‘barplot’
    plot.FeatureMatchAnalyzer: no visible global function definition for
     ‘mtext’
    plot.LocSig: no visible global function definition for ‘par’
    plot.OF: no visible global function definition for ‘layout’
    plot.OF: no visible global function definition for ‘par’
    plot.OF: no visible global function definition for ‘contour’
    plot.OF: no visible global function definition for ‘box’
    plot.OF: no visible global function definition for ‘arrows’
    plot.OF: no visible global function definition for ‘image’
    plot.OF: no visible global function definition for ‘gray’
    plot.OF: no visible global function definition for ‘hist’
    plot.OF: no visible global function definition for ‘plot’
    plot.SpatialVx: no visible global function definition for ‘par’
    plot.SpatialVx: no visible global function definition for ‘axis’
    plot.SpatialVx: no visible global function definition for ‘image’
    plot.SpatialVx: no visible global function definition for ‘title’
    plot.SpatialVx: no visible global function definition for ‘mtext’
    plot.clusterer: no visible global function definition for ‘par’
    plot.clusterer: no visible global function definition for ‘axis’
    plot.clusterer: no visible global function definition for ‘image’
    plot.clusterer: no visible global function definition for ‘plot’
    plot.clusterer: no visible global function definition for ‘hist’
    plot.clusterer: no visible global function definition for ‘title’
    plot.clusterer: no visible global function definition for ‘mtext’
    plot.composited: no visible global function definition for ‘par’
    plot.composited: no visible global function definition for ‘image’
    plot.composited: no visible global function definition for ‘title’
    plot.composited: no visible global function definition for ‘mtext’
    plot.features: no visible global function definition for ‘par’
    plot.features: no visible global function definition for ‘rainbow’
    plot.features: no visible global function definition for ‘axis’
    plot.features: no visible global function definition for ‘title’
    plot.features: no visible global function definition for ‘image’
    plot.features: no visible global function definition for ‘mtext’
    plot.gmm2d: no visible global function definition for ‘predict’
    plot.gmm2d: no visible global function definition for ‘par’
    plot.gmm2d: no visible global function definition for ‘axis’
    plot.gmm2d: no visible global function definition for ‘image’
    plot.gmm2d: no visible global function definition for ‘title’
    plot.gmm2d: no visible global function definition for ‘mtext’
    plot.griddedVgram: no visible global function definition for ‘par’
    plot.griddedVgram: no visible global function definition for ‘plot’
    plot.griddedVgram: no visible global function definition for ‘points’
    plot.griddedVgram: no visible global function definition for ‘title’
    plot.griddedVgram: no visible global function definition for ‘mtext’
    plot.hiw: no visible global function definition for ‘plot’
    plot.hoods2d: no visible global function definition for ‘par’
    plot.hoods2d: no visible global function definition for ‘mtext’
    plot.matched: no visible global function definition for ‘rainbow’
    plot.matched: no visible global function definition for ‘par’
    plot.matched: no visible global function definition for ‘axis’
    plot.matched: no visible global function definition for ‘title’
    plot.matched: no visible global function definition for ‘image’
    plot.matched: no visible global function definition for ‘mtext’
    plot.pphindcast2d: no visible global function definition for
     ‘heat.colors’
    plot.pphindcast2d: no visible global function definition for ‘par’
    plot.pphindcast2d: no visible global function definition for ‘image’
    plot.pphindcast2d: no visible global function definition for ‘axis’
    plot.pphindcast2d: no visible global function definition for ‘plot’
    plot.pphindcast2d: no visible global function definition for ‘mtext’
    plot.pphindcast2d: no visible global function definition for ‘lines’
    plot.pphindcast2d: no visible global function definition for ‘legend’
    plot.rigided: no visible global function definition for ‘par’
    plot.rigided: no visible global function definition for ‘image’
    plot.rigided: no visible global function definition for ‘plot’
    plot.spatMLD: no visible global function definition for ‘par’
    plot.spatMLD: no visible global function definition for ‘axis’
    plot.spatMLD: no visible global function definition for ‘title’
    plot.spatMLD: no visible global function definition for ‘hist’
    plot.spatMLD: no visible global function definition for ‘plot’
    plot.spatMLD: no visible global function definition for ‘lines’
    plot.spatMLD: no visible global function definition for ‘predict’
    plot.spatMLD: no visible global function definition for ‘legend’
    plot.spatMLD: no visible global function definition for ‘mtext’
    plot.spatbiasFS: no visible global function definition for ‘par’
    plot.structurogram: no visible global function definition for ‘plot’
    plot.structurogram: no visible global function definition for ‘lines’
    plot.structurogram.matrix: no visible global function definition for
     ‘par’
    plot.structurogram.matrix: no visible global function definition for
     ‘plot’
    plot.structurogram.matrix: no visible global function definition for
     ‘points’
    plot.summary.CSIsamples: no visible global function definition for
     ‘plot’
    plot.summary.clusterer: no visible global function definition for ‘par’
    plot.summary.clusterer: no visible global function definition for
     ‘boxplot’
    plot.summary.clusterer: no visible global function definition for
     ‘image’
    plot.summary.clusterer: no visible global function definition for
     ‘axis’
    plot.summary.features: no visible global function definition for ‘par’
    plot.summary.features: no visible global function definition for ‘hist’
    plot.summary.features: no visible global function definition for ‘plot’
    plot.summary.features: no visible global function definition for
     ‘points’
    plot.summary.features: no visible global function definition for
     ‘legend’
    plot.waveIS: no visible global function definition for ‘par’
    plot.waveIS: no visible global function definition for ‘image’
    plot.waveIS: no visible global function definition for ‘axis’
    plot.wavePurifyVx: no visible global function definition for ‘par’
    plot.wavePurifyVx: no visible global function definition for ‘axis’
    plot.wavePurifyVx: no visible global function definition for ‘image’
    plot.wavePurifyVx: no visible global function definition for ‘plot’
    plot.wavePurifyVx: no visible global function definition for ‘runif’
    plot.wavePurifyVx: no visible global function definition for ‘legend’
    plot.wavePurifyVx: no visible global function definition for ‘lines’
    plot.wavePurifyVx: no visible global function definition for ‘mtext’
    plot.waverify2d: no visible global function definition for ‘par’
    plot.waverify2d: no visible global function definition for ‘plot’
    plot.waverify2d: no visible global function definition for ‘axis’
    plot.waverify2d: no visible global function definition for ‘title’
    plot.waverify2d: no visible global function definition for ‘image’
    plot.waverify2d: no visible global function definition for ‘lines’
    plot.waverify2d: no visible global function definition for ‘legend’
    plot.waverify2d: no visible global function definition for ‘mtext’
    pphindcast2d: no visible global function definition for ‘optim’
    rigider: no visible global function definition for ‘optim’
    sig.cor.Z: no visible global function definition for ‘pnorm’
    sig.cor.t: no visible global function definition for ‘pt’
    spatMLD.default: no visible global function definition for ‘lm’
    spatMLD.default: no visible global function definition for ‘predict’
    summary.clusterer: no visible global function definition for ‘var’
    summary.clusterer: no visible global function definition for ‘quantile’
    summary.interester: no visible global function definition for
     ‘quantile’
    summary.spatMLD: no visible global function definition for ‘predict’
    summary.spatMLD: no visible global function definition for ‘pnorm’
    threshfac: no visible global function definition for ‘quantile’
    upscale2d: no visible global function definition for ‘quantile’
    upscale2dPlot: no visible global function definition for ‘par’
    upscale2dPlot: no visible global function definition for ‘plot’
    wavePurifyVx: no visible global function definition for ‘quantile’
    Undefined global functions or variables:
     abline arrows axis barplot box boxplot bxp contour cor cor.test cov
     cutree dist fft gray grid heat.colors hist image kmeans layout legend
     lines lm matplot median mtext nls optim par plot pnorm points predict
     pt qnorm quantile rainbow rnorm runif sd text title var
    Consider adding
     importFrom("grDevices", "gray", "heat.colors", "rainbow")
     importFrom("graphics", "abline", "arrows", "axis", "barplot", "box",
     "boxplot", "bxp", "contour", "grid", "hist", "image",
     "layout", "legend", "lines", "matplot", "mtext", "par",
     "plot", "points", "text", "title")
     importFrom("stats", "cor", "cor.test", "cov", "cutree", "dist", "fft",
     "kmeans", "lm", "median", "nls", "optim", "pnorm",
     "predict", "pt", "qnorm", "quantile", "rnorm", "runif",
     "sd", "var")
    to your NAMESPACE.
Flavors: r-devel-linux-x86_64-debian-gcc, r-devel-linux-x86_64-fedora-clang, r-devel-linux-x86_64-fedora-gcc, r-devel-windows-ix86+x86_64