Last updated on 2015-11-20 00:47:47.
Flavor | Version | Tinstall | Tcheck | Ttotal | Status | Flags |
---|---|---|---|---|---|---|
r-devel-linux-x86_64-debian-gcc | 2.8.0 | 1.60 | 6.83 | 8.43 | NOTE | |
r-devel-linux-x86_64-fedora-clang | 2.8.0 | 11.84 | NOTE | |||
r-devel-linux-x86_64-fedora-gcc | 2.8.0 | 11.23 | NOTE | |||
r-devel-osx-x86_64-clang | 2.8.0 | 19.63 | NOTE | |||
r-devel-windows-ix86+x86_64 | 2.8.0 | 25.00 | 12.00 | 37.00 | NOTE | |
r-patched-linux-x86_64 | 2.8.0 | 1.42 | 7.54 | 8.96 | NOTE | |
r-patched-solaris-sparc | 2.8.0 | 94.60 | OK | |||
r-patched-solaris-x86 | 2.8.0 | 20.40 | OK | |||
r-release-linux-x86_64 | 2.8.0 | 1.44 | 8.27 | 9.71 | NOTE | |
r-release-osx-x86_64-mavericks | 2.8.0 | NOTE | ||||
r-release-windows-ix86+x86_64 | 2.8.0 | 25.00 | 12.00 | 37.00 | NOTE | |
r-oldrel-windows-ix86+x86_64 | 2.8.0 | 35.00 | 12.00 | 47.00 | NOTE |
Version: 2.8.0
Check: installed package size
Result: NOTE
installed size is 6.0Mb
sub-directories of 1Mb or more:
include 5.9Mb
Flavors: r-devel-linux-x86_64-debian-gcc, r-devel-linux-x86_64-fedora-clang, r-devel-linux-x86_64-fedora-gcc, r-devel-osx-x86_64-clang, r-devel-windows-ix86+x86_64, r-patched-linux-x86_64, r-release-linux-x86_64, r-release-osx-x86_64-mavericks, r-release-windows-ix86+x86_64, r-oldrel-windows-ix86+x86_64