CRAN Package Check Results for Package VarSelLCM

Last updated on 2015-11-20 00:47:51.

Flavor Version Tinstall Tcheck Ttotal Status Flags
r-devel-linux-x86_64-debian-gcc 1.2 42.52 12.68 55.20 NOTE
r-devel-linux-x86_64-fedora-clang 1.2 120.03 NOTE
r-devel-linux-x86_64-fedora-gcc 1.2 104.80 NOTE
r-devel-osx-x86_64-clang 1.2 94.66 OK
r-devel-windows-ix86+x86_64 1.2 156.00 41.00 197.00 NOTE
r-patched-linux-x86_64 1.2 41.72 13.28 55.00 OK
r-patched-solaris-sparc 1.2 580.70 OK
r-patched-solaris-x86 1.2 113.90 OK
r-release-linux-x86_64 1.2 41.98 14.63 56.62 OK
r-release-osx-x86_64-mavericks 1.2 OK
r-release-windows-ix86+x86_64 1.2 158.00 40.00 198.00 OK
r-oldrel-windows-ix86+x86_64 1.2 181.00 46.00 227.00 OK

Check Details

Version: 1.2
Check: R code for possible problems
Result: NOTE
    withoutmixture,VSLCMresultsContinuous: no visible global function
     definition for ‘sd’
    withoutmixture,VSLCMresultsContinuous: no visible global function
     definition for ‘dnorm’
    Undefined global functions or variables:
     dnorm sd
    Consider adding
     importFrom("stats", "dnorm", "sd")
    to your NAMESPACE.
Flavors: r-devel-linux-x86_64-debian-gcc, r-devel-linux-x86_64-fedora-clang, r-devel-linux-x86_64-fedora-gcc, r-devel-windows-ix86+x86_64