Last updated on 2015-11-20 00:47:12.
Flavor | Version | Tinstall | Tcheck | Ttotal | Status | Flags |
---|---|---|---|---|---|---|
r-devel-linux-x86_64-debian-gcc | 1.8-6 | 4.08 | 47.46 | 51.53 | NOTE | |
r-devel-linux-x86_64-fedora-clang | 1.8-6 | 108.10 | NOTE | |||
r-devel-linux-x86_64-fedora-gcc | 1.8-6 | 110.47 | NOTE | |||
r-devel-osx-x86_64-clang | 1.8-6 | 114.25 | NOTE | |||
r-devel-windows-ix86+x86_64 | 1.8-6 | 17.00 | 86.00 | 103.00 | NOTE | |
r-patched-linux-x86_64 | 1.8-6 | 3.90 | 49.98 | 53.88 | OK | |
r-patched-solaris-sparc | 1.8-6 | 678.70 | OK | |||
r-patched-solaris-x86 | 1.8-6 | 135.60 | OK | |||
r-release-linux-x86_64 | 1.8-6 | 5.36 | 52.34 | 57.70 | OK | |
r-release-osx-x86_64-mavericks | 1.8-6 | OK | ||||
r-release-windows-ix86+x86_64 | 1.8-6 | 16.00 | 84.00 | 100.00 | OK | |
r-oldrel-windows-ix86+x86_64 | 1.8-6 | 22.00 | 114.00 | 136.00 | OK |
Version: 1.8-6
Check: whether the namespace can be loaded with stated dependencies
Result: NOTE
Warning: no function found corresponding to methods exports from ‘arm’ for: ‘show’
A namespace must be able to be loaded with just the base namespace
loaded: otherwise if the namespace gets loaded by a saved object, the
session will be unable to start.
Probably some imports need to be declared in the NAMESPACE file.
Flavors: r-devel-linux-x86_64-debian-gcc, r-devel-linux-x86_64-fedora-clang, r-devel-linux-x86_64-fedora-gcc, r-devel-osx-x86_64-clang, r-devel-windows-ix86+x86_64