CRAN Package Check Results for Package bnormnlr

Last updated on 2015-11-20 00:47:14.

Flavor Version Tinstall Tcheck Ttotal Status Flags
r-devel-linux-x86_64-debian-gcc 1.0 0.53 25.47 26.00 NOTE
r-devel-linux-x86_64-fedora-clang 1.0 57.33 NOTE
r-devel-linux-x86_64-fedora-gcc 1.0 52.61 NOTE
r-devel-osx-x86_64-clang 1.0 60.61 OK
r-devel-windows-ix86+x86_64 1.0 4.00 65.00 69.00 NOTE
r-patched-linux-x86_64 1.0 0.56 25.85 26.40 OK
r-patched-solaris-sparc 1.0 347.60 OK
r-patched-solaris-x86 1.0 66.70 OK
r-release-linux-x86_64 1.0 0.56 27.25 27.81 OK
r-release-osx-x86_64-mavericks 1.0 OK
r-release-windows-ix86+x86_64 1.0 3.00 50.00 53.00 OK
r-oldrel-windows-ix86+x86_64 1.0 6.00 80.00 86.00 OK

Check Details

Version: 1.0
Check: R code for possible problems
Result: NOTE
    bnlr: no visible global function definition for ‘dnorm’
    bnlr: no visible global function definition for ‘runif’
    chainsum : <anonymous>: no visible global function definition for
     ‘quantile’
    infocrit: no visible global function definition for ‘dnorm’
    Undefined global functions or variables:
     dnorm quantile runif
    Consider adding
     importFrom("stats", "dnorm", "quantile", "runif")
    to your NAMESPACE.
Flavors: r-devel-linux-x86_64-debian-gcc, r-devel-linux-x86_64-fedora-clang, r-devel-linux-x86_64-fedora-gcc, r-devel-windows-ix86+x86_64