Last updated on 2015-11-20 00:47:14.
Flavor | Version | Tinstall | Tcheck | Ttotal | Status | Flags |
---|---|---|---|---|---|---|
r-devel-linux-x86_64-debian-gcc | 1.0.0 | 0.86 | 13.94 | 14.80 | NOTE | |
r-devel-linux-x86_64-fedora-clang | 1.0.0 | 29.90 | NOTE | |||
r-devel-linux-x86_64-fedora-gcc | 1.0.0 | 26.21 | NOTE | |||
r-devel-osx-x86_64-clang | 1.0.0 | 34.01 | NOTE | |||
r-devel-windows-ix86+x86_64 | 1.0.0 | 6.00 | 38.00 | 44.00 | NOTE | |
r-patched-linux-x86_64 | 1.0.0 | 0.90 | 13.94 | 14.84 | NOTE | |
r-patched-solaris-sparc | 1.0.0 | 186.00 | NOTE | |||
r-patched-solaris-x86 | 1.0.0 | 40.90 | NOTE | |||
r-release-linux-x86_64 | 1.0.0 | 0.93 | 16.03 | 16.96 | NOTE | |
r-release-osx-x86_64-mavericks | 1.0.0 | NOTE | ||||
r-release-windows-ix86+x86_64 | 1.0.0 | 6.00 | 47.00 | 53.00 | NOTE | |
r-oldrel-windows-ix86+x86_64 | 1.0.0 | 10.00 | 37.00 | 47.00 | OK |
Version: 1.0.0
Check: DESCRIPTION meta-information
Result: NOTE
Malformed Title field: should not end in a period.
Flavors: r-devel-linux-x86_64-debian-gcc, r-devel-linux-x86_64-fedora-clang, r-devel-linux-x86_64-fedora-gcc, r-devel-osx-x86_64-clang, r-devel-windows-ix86+x86_64, r-patched-linux-x86_64, r-patched-solaris-sparc, r-patched-solaris-x86, r-release-linux-x86_64, r-release-osx-x86_64-mavericks, r-release-windows-ix86+x86_64
Version: 1.0.0
Check: R code for possible problems
Result: NOTE
boostBackend: no visible global function definition for ‘model.frame’
findFormulaIn: no visible global function definition for ‘as.formula’
kFoldCV: no visible binding for global variable ‘par’
predictResponseFromWeightedAverage: no visible global function
definition for ‘weighted.mean’
print.boostr: no visible global function definition for ‘str’
Undefined global functions or variables:
as.formula model.frame par str weighted.mean
Consider adding
importFrom("graphics", "par")
importFrom("stats", "as.formula", "model.frame", "weighted.mean")
importFrom("utils", "str")
to your NAMESPACE.
Flavors: r-devel-linux-x86_64-debian-gcc, r-devel-linux-x86_64-fedora-clang, r-devel-linux-x86_64-fedora-gcc, r-devel-windows-ix86+x86_64