CRAN Package Check Results for Package cncaGUI

Last updated on 2015-11-20 00:47:15.

Flavor Version Tinstall Tcheck Ttotal Status Flags
r-devel-linux-x86_64-debian-gcc 1.0 0.98 22.80 23.79 NOTE
r-devel-linux-x86_64-fedora-clang 1.0 43.56 NOTE
r-devel-linux-x86_64-fedora-gcc 1.0 40.45 NOTE
r-devel-osx-x86_64-clang 1.0 54.31 OK
r-devel-windows-ix86+x86_64 1.0 15.00 36.00 51.00 NOTE
r-patched-linux-x86_64 1.0 1.04 23.01 24.05 OK
r-patched-solaris-sparc 1.0 271.80 OK
r-patched-solaris-x86 1.0 57.30 OK
r-release-linux-x86_64 1.0 1.00 24.05 25.05 OK
r-release-osx-x86_64-mavericks 1.0 ERROR
r-release-windows-ix86+x86_64 1.0 12.00 37.00 49.00 OK
r-oldrel-windows-ix86+x86_64 1.0 16.00 84.00 100.00 OK

Check Details

Version: 1.0
Check: R code for possible problems
Result: NOTE
    cnca : transforma : <anonymous>: no visible global function definition
     for ‘var’
    cnca : cal.ic: no visible global function definition for ‘sd’
    cnca : cal.ic: no visible global function definition for ‘qt’
    cnca : cal.ic: no visible global function definition for ‘quantile’
    cnca : cal.ic: no visible global function definition for ‘qnorm’
    cnca : cal.ic: no visible global function definition for ‘pnorm’
    cnca : OnOKinf : OnOKnames : Graphics : plotbar: no visible global
     function definition for ‘barplot’
    cnca : OnOKinf : OnOKnames : Graphics : Onaxis: no visible global
     function definition for ‘write.table’
    cnca : OnOKinf : OnOKnames : Graphics : Onaxis : normalLine: no visible
     global function definition for ‘abline’
    cnca : OnOKinf : OnOKnames : Graphics : Onaxis : normalLine: no visible
     global function definition for ‘segments’
    cnca : OnOKinf : OnOKnames : Graphics : Onaxis : plotFunction: no
     visible global function definition for ‘par’
    cnca : OnOKinf : OnOKnames : Graphics : Onaxis : plotFunction: no
     visible global function definition for ‘plot’
    cnca : OnOKinf : OnOKnames : Graphics : Onaxis : plotFunction: no
     visible global function definition for ‘points’
    cnca : OnOKinf : OnOKnames : Graphics : Onaxis : plotFunction: no
     visible global function definition for ‘arrows’
    cnca : OnOKinf : OnOKnames : Graphics : Onaxis : plotFunction: no
     visible global function definition for ‘abline’
    cnca : OnOKinf : OnOKnames : Graphics : Onaxis : plotFunction: no
     visible global function definition for ‘text’
    cnca : OnOKinf : OnOKnames : Graphics : Onaxis : SaveFileJPG: no
     visible global function definition for ‘jpeg’
    cnca : OnOKinf : OnOKnames : Graphics : Onaxis : SaveFileJPG: no
     visible global function definition for ‘dev.off’
    cnca : OnOKinf : OnOKnames : Graphics : Onaxis : SaveFilePDF: no
     visible global function definition for ‘pdf’
    cnca : OnOKinf : OnOKnames : Graphics : Onaxis : SaveFilePDF: no
     visible global function definition for ‘dev.off’
    cnca : OnOKinf : OnOKnames : Graphics : Onaxis : SaveFileeps: no
     visible global function definition for ‘postscript’
    cnca : OnOKinf : OnOKnames : Graphics : Onaxis : SaveFileeps: no
     visible global function definition for ‘dev.off’
    cnca : OnOKinf : OnOKnames : Graphics : Onaxis : SaveFilePng: no
     visible global function definition for ‘png’
    cnca : OnOKinf : OnOKnames : Graphics : Onaxis : SaveFilePng: no
     visible global function definition for ‘dev.off’
    cnca : OnOKinf : OnOKnames : Graphics : Onaxis : bootcnca : OnOKboot:
     no visible global function definition for ‘plot’
    cnca : OnOKinf : OnOKnames : Graphics : Onaxis : bootcnca : OnOKboot:
     no visible global function definition for ‘points’
    cnca : OnOKinf : OnOKnames : Graphics : Onaxis : bootcnca : OnOKboot:
     no visible global function definition for ‘abline’
    cnca : OnOKinf : OnOKnames : Graphics : Onaxis : bootcnca : OnOKboot:
     no visible global function definition for ‘chull’
    cnca : OnOKinf : OnOKnames : Graphics : Onaxis : bootcnca : OnOKboot:
     no visible global function definition for ‘lines’
    cnca : OnOKinf : OnOKnames : Graphics : Onaxis : bootcnca : OnOKboot:
     no visible global function definition for ‘text’
    cnca : OnOKinf : OnOKnames : Graphics : Onaxis : bootcnca : OnOKboot:
     no visible global function definition for ‘pdf’
    cnca : OnOKinf : OnOKnames : Graphics : Onaxis : bootcnca : OnOKboot:
     no visible global function definition for ‘par’
    cnca : OnOKinf : OnOKnames : Graphics : Onaxis : bootcnca : OnOKboot:
     no visible global function definition for ‘hist’
    cnca : OnOKinf : OnOKnames : Graphics : Onaxis : bootcnca : OnOKboot:
     no visible global function definition for ‘qqnorm’
    cnca : OnOKinf : OnOKnames : Graphics : Onaxis : bootcnca : OnOKboot:
     no visible global function definition for ‘dev.off’
    cnca : OnOKinf : OnOKnames : Graphics : Onaxis : bootcnca : OnOKboot:
     no visible global function definition for ‘postscript’
    cnca : OnOKinf : OnOKnames : Graphics : Onaxis : bootcnca : OnOKboot:
     no visible global function definition for ‘write.table’
    cnca : OnOKinf : OnOKnames : Graphics : Onaxis : gcoia : plotall: no
     visible global function definition for ‘layout’
    cnca : OnOKinf : OnOKnames : Graphics : Onaxis : gcoia : plotall: no
     visible global function definition for ‘par’
    cnca : OnOKinf : OnOKnames : Graphics : Onaxis : gcoia : plotall: no
     visible global function definition for ‘plot’
    cnca : OnOKinf : OnOKnames : Graphics : Onaxis : gcoia : plotall: no
     visible global function definition for ‘arrows’
    cnca : OnOKinf : OnOKnames : Graphics : Onaxis : gcoia : plotall: no
     visible global function definition for ‘abline’
    cnca : OnOKinf : OnOKnames : Graphics : Onaxis : gcoia : plotall: no
     visible global function definition for ‘text’
    Undefined global functions or variables:
     abline arrows barplot chull dev.off hist jpeg layout lines par pdf
     plot png pnorm points postscript qnorm qqnorm qt quantile sd segments
     text var write.table
    Consider adding
     importFrom("grDevices", "chull", "dev.off", "jpeg", "pdf", "png",
     "postscript")
     importFrom("graphics", "abline", "arrows", "barplot", "hist", "layout",
     "lines", "par", "plot", "points", "segments", "text")
     importFrom("stats", "pnorm", "qnorm", "qqnorm", "qt", "quantile", "sd",
     "var")
     importFrom("utils", "write.table")
    to your NAMESPACE.
Flavors: r-devel-linux-x86_64-debian-gcc, r-devel-linux-x86_64-fedora-clang, r-devel-linux-x86_64-fedora-gcc, r-devel-windows-ix86+x86_64

Version: 1.0
Check: whether package can be installed
Result: ERROR
    Installation failed.
Flavor: r-release-osx-x86_64-mavericks