CRAN Package Check Results for Package crackR

Last updated on 2015-11-20 00:47:16.

Flavor Version Tinstall Tcheck Ttotal Status Flags
r-devel-linux-x86_64-debian-gcc 0.3-9 1.70 33.10 34.80 NOTE
r-devel-linux-x86_64-fedora-clang 0.3-9 64.57 NOTE
r-devel-linux-x86_64-fedora-gcc 0.3-9 63.54 NOTE
r-devel-osx-x86_64-clang 0.3-9 69.36 NOTE
r-devel-windows-ix86+x86_64 0.3-9 12.00 59.00 71.00 NOTE
r-patched-linux-x86_64 0.3-9 1.72 34.04 35.77 NOTE
r-patched-solaris-sparc 0.3-9 418.60 NOTE
r-patched-solaris-x86 0.3-9 88.80 NOTE
r-release-linux-x86_64 0.3-9 1.84 35.46 37.30 NOTE
r-release-osx-x86_64-mavericks 0.3-9 OK
r-release-windows-ix86+x86_64 0.3-9 10.00 56.00 66.00 OK
r-oldrel-windows-ix86+x86_64 0.3-9 23.00 99.00 122.00 OK

Check Details

Version: 0.3-9
Check: S3 generic/method consistency
Result: NOTE
    Found the following apparent S3 methods exported but not registered:
     calcInterval.CD calcInterval.Mult calcInterval.Sing crackRmc.CD
     crackRmc.Mult crackRmc.Sing head.CD head.Mult head.Sing
     head.crackRparallel head.crackRresults head.parametersCD
     head.parametersMult head.parametersSing head.stateCD head.stateMult
     head.stateSing inspection.CD inspection.Mult inspection.Sing lines.CD
     lines.Mult lines.Sing lines.crackRparallel lines.crackRresults
     plot.CD plot.Mult plot.Sing plot.crackRparallel plot.crackRresults
     print.CD print.Mult print.Sing print.crackRparallel
     print.crackRresults print.stateCD print.stateMult print.stateSing
     tail.CD tail.Mult tail.Sing tail.crackRparallel tail.crackRresults
     tail.parametersCD tail.parametersMult tail.parametersSing
     tail.stateCD tail.stateMult tail.stateSing
    See section ‘Registering S3 methods’ in the ‘Writing R Extensions’
    manual.
Flavors: r-devel-linux-x86_64-debian-gcc, r-devel-linux-x86_64-fedora-clang, r-devel-linux-x86_64-fedora-gcc, r-devel-osx-x86_64-clang, r-patched-linux-x86_64, r-patched-solaris-sparc, r-patched-solaris-x86, r-release-linux-x86_64

Version: 0.3-9
Check: R code for possible problems
Result: NOTE
    calcInterval.CD: no visible global function definition for ‘approx’
    calcInterval.CD: no visible global function definition for ‘quantile’
    calcInterval.Mult: no visible global function definition for ‘approx’
    calcInterval.Mult: no visible global function definition for ‘quantile’
    calcInterval.Sing: no visible global function definition for ‘approx’
    calcInterval.Sing: no visible global function definition for ‘quantile’
    crackRmc.CD: no visible global function definition for ‘approx’
    crackRmc.CD: no visible global function definition for ‘runif’
    crackRmc.Mult: no visible global function definition for ‘approx’
    crackRmc.Mult: no visible global function definition for ‘runif’
    crackRmc.Sing: no visible global function definition for ‘approx’
    crackRmc.Sing: no visible global function definition for ‘runif’
    head.CD: no visible global function definition for ‘head’
    head.Mult: no visible global function definition for ‘head’
    head.Sing: no visible global function definition for ‘head’
    head.crackRparallel: no visible global function definition for ‘head’
    head.crackRresults: no visible global function definition for ‘head’
    head.parametersCD: no visible global function definition for ‘head’
    head.parametersMult: no visible global function definition for ‘head’
    head.parametersSing: no visible global function definition for ‘head’
    head.stateCD: no visible global function definition for ‘head’
    head.stateMult: no visible global function definition for ‘head’
    head.stateSing: no visible global function definition for ‘head’
    inspection.Mult : <anonymous>: no visible global function definition
     for ‘quantile’
    inspection.Sing : <anonymous>: no visible global function definition
     for ‘quantile’
    lines.CD: no visible global function definition for ‘lines’
    lines.Mult: no visible global function definition for ‘lines’
    lines.Sing: no visible global function definition for ‘lines’
    lines.crackRparallel: no visible global function definition for ‘lines’
    lines.crackRresults: no visible global function definition for ‘lines’
    lognormalPOD: no visible global function definition for ‘plnorm’
    plot.CD: no visible global function definition for ‘plot’
    plot.CD: no visible global function definition for ‘lines’
    plot.CD: no visible global function definition for ‘legend’
    plot.Mult: no visible global function definition for ‘plot’
    plot.Mult: no visible global function definition for ‘lines’
    plot.Mult: no visible global function definition for ‘legend’
    plot.Sing: no visible global function definition for ‘plot’
    plot.Sing: no visible global function definition for ‘lines’
    plot.Sing: no visible global function definition for ‘legend’
    plot.crackRparallel: no visible global function definition for ‘lines’
    plot.crackRparallel: no visible global function definition for ‘mtext’
    plot.crackRparallel: no visible global function definition for ‘abline’
    plot.crackRresults: no visible global function definition for ‘par’
    plot.crackRresults: no visible global function definition for ‘plot’
    plot.crackRresults: no visible global function definition for ‘box’
    plot.crackRresults: no visible global function definition for ‘axis’
    plot.crackRresults: no visible global function definition for ‘mtext’
    plot.crackRresults: no visible global function definition for ‘lines’
    plot.crackRresults: no visible global function definition for ‘abline’
    tail.CD: no visible global function definition for ‘tail’
    tail.Mult: no visible global function definition for ‘tail’
    tail.Sing: no visible global function definition for ‘tail’
    tail.crackRparallel: no visible global function definition for ‘tail’
    tail.crackRresults: no visible global function definition for ‘tail’
    tail.parametersCD: no visible global function definition for ‘tail’
    tail.parametersMult: no visible global function definition for ‘tail’
    tail.parametersSing: no visible global function definition for ‘tail’
    tail.stateCD: no visible global function definition for ‘tail’
    tail.stateMult: no visible global function definition for ‘tail’
    tail.stateSing: no visible global function definition for ‘tail’
    Undefined global functions or variables:
     abline approx axis box head legend lines mtext par plnorm plot
     quantile runif tail
    Consider adding
     importFrom("graphics", "abline", "axis", "box", "legend", "lines",
     "mtext", "par", "plot")
     importFrom("stats", "approx", "plnorm", "quantile", "runif")
     importFrom("utils", "head", "tail")
    to your NAMESPACE.
Flavors: r-devel-linux-x86_64-debian-gcc, r-devel-linux-x86_64-fedora-clang, r-devel-linux-x86_64-fedora-gcc, r-devel-windows-ix86+x86_64