Last updated on 2015-11-20 00:47:17.
Flavor | Version | Tinstall | Tcheck | Ttotal | Status | Flags |
---|---|---|---|---|---|---|
r-devel-linux-x86_64-debian-gcc | 1.1.2 | 2.34 | 177.62 | 179.96 | OK | |
r-devel-linux-x86_64-fedora-clang | 1.1.2 | 365.57 | OK | |||
r-devel-linux-x86_64-fedora-gcc | 1.1.2 | 353.26 | OK | |||
r-devel-osx-x86_64-clang | 1.1.2 | 539.78 | OK | |||
r-devel-windows-ix86+x86_64 | 1.1.2 | 14.00 | 282.00 | 296.00 | OK | |
r-patched-linux-x86_64 | 1.1.2 | 2.26 | 184.59 | 186.86 | OK | |
r-patched-solaris-sparc | 1.1.2 | 2454.40 | NOTE | |||
r-patched-solaris-x86 | 1.1.2 | 434.30 | NOTE | |||
r-release-linux-x86_64 | 1.1.2 | 2.13 | 177.82 | 179.95 | OK | |
r-release-osx-x86_64-mavericks | 1.1.2 | OK | ||||
r-release-windows-ix86+x86_64 | 1.1.2 | 13.00 | 276.00 | 289.00 | OK | |
r-oldrel-windows-ix86+x86_64 | 1.1.2 | 18.00 | 328.00 | 346.00 | OK |
Version: 1.1.2
Check: package dependencies
Result: NOTE
Package suggested but not available for checking: ‘microbenchmark’
Flavors: r-patched-solaris-sparc, r-patched-solaris-x86
Version: 1.1.2
Check: installed package size
Result: NOTE
installed size is 5.3Mb
sub-directories of 1Mb or more:
doc 4.1Mb
Flavors: r-patched-solaris-sparc, r-patched-solaris-x86