CRAN Package Check Results for Package doParallel

Last updated on 2015-11-20 00:47:17.

Flavor Version Tinstall Tcheck Ttotal Status Flags
r-devel-linux-x86_64-debian-gcc 1.0.10 0.62 99.44 100.06 NOTE
r-devel-linux-x86_64-fedora-clang 1.0.10 156.09 OK
r-devel-linux-x86_64-fedora-gcc 1.0.10 147.98 OK
r-devel-osx-x86_64-clang 1.0.10 215.27 OK
r-devel-windows-ix86+x86_64 1.0.10 3.00 172.00 175.00 OK
r-patched-linux-x86_64 1.0.10 0.70 104.67 105.37 NOTE
r-patched-solaris-sparc 1.0.10 1417.20 OK
r-patched-solaris-x86 1.0.10 321.50 OK
r-release-linux-x86_64 1.0.10 0.71 104.24 104.95 NOTE
r-release-osx-x86_64-mavericks 1.0.10 OK
r-release-windows-ix86+x86_64 1.0.10 3.00 16.00 19.00 OK
r-oldrel-windows-ix86+x86_64 1.0.10 6.00 32.00 38.00 OK

Check Details

Version: 1.0.10
Check: R code for possible problems
Result: NOTE
    Found the following calls to attach():
    File ‘doParallel/R/doParallel.R’:
     attach(exportEnv)
    See section ‘Good practice’ in ‘?attach’.
Flavors: r-devel-linux-x86_64-debian-gcc, r-patched-linux-x86_64, r-release-linux-x86_64