Last updated on 2015-11-20 00:47:17.
Flavor | Version | Tinstall | Tcheck | Ttotal | Status | Flags |
---|---|---|---|---|---|---|
r-devel-linux-x86_64-debian-gcc | 1.6 | 0.80 | 46.16 | 46.96 | NOTE | |
r-devel-linux-x86_64-fedora-clang | 1.6 | 50.99 | NOTE | |||
r-devel-linux-x86_64-fedora-gcc | 1.6 | 46.64 | NOTE | |||
r-devel-osx-x86_64-clang | 1.6 | 82.11 | OK | |||
r-devel-windows-ix86+x86_64 | 1.6 | 6.00 | 82.00 | 88.00 | NOTE | |
r-patched-linux-x86_64 | 1.6 | 0.91 | 48.15 | 49.06 | OK | |
r-patched-solaris-sparc | 1.6 | 449.20 | OK | |||
r-patched-solaris-x86 | 1.6 | 124.40 | OK | |||
r-release-linux-x86_64 | 1.6 | 0.79 | 50.43 | 51.22 | OK | |
r-release-osx-x86_64-mavericks | 1.6 | NOTE | ||||
r-release-windows-ix86+x86_64 | 1.6 | 4.00 | 104.00 | 108.00 | ERROR | |
r-oldrel-windows-ix86+x86_64 | 1.6 | 9.00 | 91.00 | 100.00 | NOTE |
Version: 1.6
Check: R code for possible problems
Result: NOTE
.collapse: no visible global function definition for ‘head’
Undefined global functions or variables:
head
Consider adding
importFrom("utils", "head")
to your NAMESPACE.
Flavors: r-devel-linux-x86_64-debian-gcc, r-devel-linux-x86_64-fedora-clang, r-devel-linux-x86_64-fedora-gcc, r-devel-windows-ix86+x86_64
Version: 1.6
Check: package dependencies
Result: NOTE
Package suggested but not available for checking: ‘doMPI’
Flavors: r-release-osx-x86_64-mavericks, r-oldrel-windows-ix86+x86_64
Version: 1.6
Check: Rd cross-references
Result: NOTE
Package unavailable to check Rd xrefs: ‘doMPI’
Flavors: r-release-osx-x86_64-mavericks, r-oldrel-windows-ix86+x86_64
Version: 1.6
Check: tests
Result: ERROR
Running the tests in 'tests/doRUnit.R' failed.
Last 13 lines of output:
Executing test function test.registerDoRNG ... done successfully.
------------------- UNIT TEST SUMMARY ---------------------
Error in .local(x, ...) : Functions: 2 | Errors: 1 | Failures: 0
ERROR in runit.dorng.R::test.dorng: Error in mpi.comm.spawn(slave = rscript, slavearg = args, nslaves = count, :
Other MPI error, error stack:
MPI_Comm_spawn(cmd="D:/RCompile/recent/R-32~1.2/bin/Rscript", argv=0x000000000ABFF5B0, maxprocs=2, MPI_INFO_NULL, root=0, MPI_COMM_SELF, intercomm=0x0000000007609008, errors=0x000000000A871950) failed
Function not implemented
Calls: <Anonymous> -> <Anonymous> -> .local -> utest -> utest -> .local
Execution halted
Flavor: r-release-windows-ix86+x86_64