CRAN Package Check Results for Package eegAnalysis

Last updated on 2015-11-20 00:47:18.

Flavor Version Tinstall Tcheck Ttotal Status Flags
r-devel-linux-x86_64-debian-gcc 0.0 2.08 38.94 41.01 NOTE
r-devel-linux-x86_64-fedora-clang 0.0 83.63 NOTE
r-devel-linux-x86_64-fedora-gcc 0.0 88.42 NOTE
r-devel-osx-x86_64-clang 0.0 91.33 NOTE
r-devel-windows-ix86+x86_64 0.0 8.00 74.00 82.00 NOTE
r-patched-linux-x86_64 0.0 2.72 42.03 44.76 NOTE
r-patched-solaris-sparc 0.0 564.00 NOTE
r-patched-solaris-x86 0.0 101.40 NOTE
r-release-linux-x86_64 0.0 2.52 42.61 45.14 NOTE
r-release-osx-x86_64-mavericks 0.0 NOTE
r-release-windows-ix86+x86_64 0.0 9.00 103.00 112.00 NOTE
r-oldrel-windows-ix86+x86_64 0.0 17.00 113.00 130.00 NOTE

Check Details

Version: 0.0
Check: DESCRIPTION meta-information
Result: NOTE
    Malformed Title field: should not end in a period.
Flavors: r-devel-linux-x86_64-debian-gcc, r-devel-linux-x86_64-fedora-clang, r-devel-linux-x86_64-fedora-gcc, r-devel-osx-x86_64-clang, r-devel-windows-ix86+x86_64, r-patched-linux-x86_64, r-patched-solaris-sparc, r-patched-solaris-x86, r-release-linux-x86_64, r-release-osx-x86_64-mavericks, r-release-windows-ix86+x86_64

Version: 0.0
Check: R code for possible problems
Result: NOTE
    .PcaData: no visible global function definition for ‘var’
    .feaSelect: no visible global function definition for ‘pt’
    .feaSelect: no visible global function definition for ‘tail’
    .feaSelect: no visible global function definition for ‘predict’
    .feaSelect: no visible global function definition for ‘cor’
    .feaSelect: no visible global function definition for ‘qnorm’
    .feaSelectMult: no visible global function definition for ‘pf’
    .feaSelectMult: no visible global function definition for ‘tail’
    .feaSelectMult: no visible global function definition for ‘predict’
    .feaSelectMult: no visible global function definition for ‘cor’
    .feaSelectMult: no visible global function definition for ‘qnorm’
    .spec.pgram: no visible binding for global variable ‘na.fail’
    .spec.pgram: no visible global function definition for ‘as.ts’
    .spec.pgram: no visible global function definition for ‘frequency’
    .spec.pgram: no visible global function definition for ‘spec.taper’
    .spec.pgram: no visible global function definition for ‘nextn’
    .spec.pgram: no visible global function definition for ‘mvfft’
    .winPrac: no visible global function definition for ‘var’
    FeatureEEG: no visible global function definition for ‘rnorm’
    classifyEEG: no visible global function definition for ‘var’
    classifyEEG: no visible global function definition for ‘predict’
    plot.plotwindows: no visible global function definition for ‘lines’
    plotEEG: no visible global function definition for ‘lines’
    plotEEG: no visible global function definition for ‘colors’
    plotEEG: no visible global function definition for ‘spectrum’
    plotEEG: no visible global function definition for ‘par’
    plotEEG: no visible global function definition for ‘points’
    plotEEG: no visible global function definition for ‘tim.colors’
    plotEEG: no visible global function definition for ‘tail’
    plotwindows: no visible global function definition for ‘var’
    plotwindows: no visible global function definition for ‘sd’
    plotwindows: no visible global function definition for ‘lines’
    randEEG: no visible binding for global variable ‘var’
    randEEG: no visible global function definition for ‘tail’
    randEEG: no visible global function definition for ‘arima.sim’
    svmEEG: no visible binding for global variable ‘na.omit’
    Undefined global functions or variables:
     arima.sim as.ts colors cor frequency lines mvfft na.fail na.omit
     nextn par pf points predict pt qnorm rnorm sd spec.taper spectrum
     tail tim.colors var
    Consider adding
     importFrom("grDevices", "colors")
     importFrom("graphics", "lines", "par", "points")
     importFrom("stats", "arima.sim", "as.ts", "cor", "frequency", "mvfft",
     "na.fail", "na.omit", "nextn", "pf", "predict", "pt",
     "qnorm", "rnorm", "sd", "spec.taper", "spectrum", "var")
     importFrom("utils", "tail")
    to your NAMESPACE.
Flavors: r-devel-linux-x86_64-debian-gcc, r-devel-linux-x86_64-fedora-clang, r-devel-linux-x86_64-fedora-gcc, r-devel-windows-ix86+x86_64

Version: 0.0
Check: R code for possible problems
Result: NOTE
    plotEEG: no visible global function definition for ‘tim.colors’
    Undefined global functions or variables:
     tim.colors
Flavor: r-devel-osx-x86_64-clang

Version: 0.0
Check: R code for possible problems
Result: NOTE
    plotEEG: no visible global function definition for ‘tim.colors’
Flavors: r-patched-linux-x86_64, r-patched-solaris-sparc, r-patched-solaris-x86, r-release-linux-x86_64, r-release-osx-x86_64-mavericks, r-release-windows-ix86+x86_64, r-oldrel-windows-ix86+x86_64