CRAN Package Check Results for Package etasFLP

Last updated on 2015-11-20 00:47:19.

Flavor Version Tinstall Tcheck Ttotal Status Flags
r-devel-linux-x86_64-debian-gcc 1.3.0 2.70 23.01 25.71 NOTE
r-devel-linux-x86_64-fedora-clang 1.3.0 50.82 NOTE
r-devel-linux-x86_64-fedora-gcc 1.3.0 51.66 NOTE
r-devel-osx-x86_64-clang 1.3.0 56.50 OK
r-devel-windows-ix86+x86_64 1.3.0 13.00 51.00 64.00 NOTE
r-patched-linux-x86_64 1.3.0 2.82 23.92 26.75 OK
r-patched-solaris-sparc 1.3.0 331.00 OK
r-patched-solaris-x86 1.3.0 64.80 OK
r-release-linux-x86_64 1.3.0 2.71 26.25 28.96 OK
r-release-osx-x86_64-mavericks 1.3.0 WARN
r-release-windows-ix86+x86_64 1.3.0 13.00 69.00 82.00 OK
r-oldrel-windows-ix86+x86_64 1.3.0 18.00 97.00 115.00 OK

Check Details

Version: 1.3.0
Check: R code for possible problems
Result: NOTE
    bwd.nrd: no visible global function definition for ‘weighted.mean’
    compare.etasclass: no visible global function definition for ‘cor’
    etas.starting: no visible global function definition for ‘quantile’
    etasclass: no visible global function definition for ‘runif’
    etasclass: no visible global function definition for ‘quantile’
    etasclass: no visible global function definition for ‘nlm’
    etasclass: no visible global function definition for ‘optim’
    flp1.etas.nlm: no visible global function definition for
     ‘weighted.mean’
    flp1.etas.nlm: no visible global function definition for ‘nlm’
    kde2d.integral: no visible global function definition for ‘pnorm’
    magn.plot: no visible global function definition for ‘plot’
    magn.plot: no visible global function definition for ‘lines’
    plot.eqcat: no visible global function definition for ‘points’
    plot.eqcat: no visible global function definition for ‘rgb’
    plot.eqcat: no visible global function definition for ‘title’
    plot.eqcat: no visible global function definition for ‘dev.new’
    plot.etasclass: no visible global function definition for ‘dev.new’
    plot.etasclass: no visible global function definition for ‘gray.colors’
    plot.etasclass: no visible global function definition for ‘grid’
    plot.etasclass: no visible global function definition for ‘contour’
    plot.etasclass: no visible global function definition for ‘points’
    plot.etasclass: no visible global function definition for ‘box’
    plot.etasclass: no visible global function definition for ‘rgb’
    plot.etasclass: no visible global function definition for ‘plot’
    plot.etasclass: no visible global function definition for ‘lines’
    plot.etasclass: no visible global function definition for ‘par’
    plot.etasclass: no visible global function definition for ‘abline’
    plot.etasclass: no visible global function definition for
     ‘close.screen’
    plot.etasclass: no visible global function definition for ‘dev.off’
    plot.profile.etasclass: no visible global function definition for
     ‘qchisq’
    plot.profile.etasclass: no visible global function definition for
     ‘spline’
    plot.profile.etasclass: no visible global function definition for
     ‘plot’
    plot.profile.etasclass: no visible global function definition for
     ‘abline’
    plot.profile.etasclass: no visible global function definition for
     ‘grid’
    plot.profile.etasclass: no visible global function definition for
     ‘text’
    plot.profile.etasclass: no visible global function definition for
     ‘splinefun’
    profile.etasclass: no visible global function definition for ‘nlm’
    profile.etasclass: no visible global function definition for ‘optim’
    Undefined global functions or variables:
     abline box close.screen contour cor dev.new dev.off gray.colors grid
     lines nlm optim par plot pnorm points qchisq quantile rgb runif
     spline splinefun text title weighted.mean
    Consider adding
     importFrom("grDevices", "dev.new", "dev.off", "gray.colors", "rgb")
     importFrom("graphics", "abline", "box", "close.screen", "contour",
     "grid", "lines", "par", "plot", "points", "text", "title")
     importFrom("stats", "cor", "nlm", "optim", "pnorm", "qchisq",
     "quantile", "runif", "spline", "splinefun", "weighted.mean")
    to your NAMESPACE.
Flavors: r-devel-linux-x86_64-debian-gcc, r-devel-linux-x86_64-fedora-clang, r-devel-linux-x86_64-fedora-gcc, r-devel-windows-ix86+x86_64

Version: 1.3.0
Check: whether package can be installed
Result: WARN
    Found the following significant warnings:
     Warning: Possible change of value in conversion from REAL(8) to REAL(4) at (1)
Flavor: r-release-osx-x86_64-mavericks