Last updated on 2015-11-20 00:47:19.
Flavor | Version | Tinstall | Tcheck | Ttotal | Status | Flags |
---|---|---|---|---|---|---|
r-devel-linux-x86_64-debian-gcc | 1.1.1 | 0.74 | 11.82 | 12.56 | NOTE | |
r-devel-linux-x86_64-fedora-clang | 1.1.1 | 23.67 | NOTE | |||
r-devel-linux-x86_64-fedora-gcc | 1.1.1 | 21.54 | NOTE | |||
r-devel-osx-x86_64-clang | 1.1.1 | 27.12 | OK | |||
r-devel-windows-ix86+x86_64 | 1.1.1 | 5.00 | 26.00 | 31.00 | NOTE | |
r-patched-linux-x86_64 | 1.1.1 | 0.83 | 12.68 | 13.51 | OK | |
r-patched-solaris-sparc | 1.1.1 | 158.10 | OK | |||
r-patched-solaris-x86 | 1.1.1 | 33.40 | OK | |||
r-release-linux-x86_64 | 1.1.1 | 0.76 | 13.89 | 14.65 | OK | |
r-release-osx-x86_64-mavericks | 1.1.1 | OK | ||||
r-release-windows-ix86+x86_64 | 1.1.1 | 5.00 | 24.00 | 29.00 | OK | |
r-oldrel-windows-ix86+x86_64 | 1.1.1 | 7.00 | 33.00 | 40.00 | OK |
Version: 1.1.1
Check: R code for possible problems
Result: NOTE
index.citations: no visible global function definition for
‘txtProgressBar’
read.exsic: no visible global function definition for ‘read.csv’
update.pb: no visible global function definition for
‘setTxtProgressBar’
Undefined global functions or variables:
read.csv setTxtProgressBar txtProgressBar
Consider adding
importFrom("utils", "read.csv", "setTxtProgressBar", "txtProgressBar")
to your NAMESPACE.
Flavors: r-devel-linux-x86_64-debian-gcc, r-devel-linux-x86_64-fedora-clang, r-devel-linux-x86_64-fedora-gcc, r-devel-windows-ix86+x86_64