Last updated on 2015-11-20 00:47:19.
Flavor | Version | Tinstall | Tcheck | Ttotal | Status | Flags |
---|---|---|---|---|---|---|
r-devel-linux-x86_64-debian-gcc | 0.2 | 4.10 | 11.97 | 16.08 | NOTE | |
r-devel-linux-x86_64-fedora-clang | 0.2 | 33.21 | NOTE | |||
r-devel-linux-x86_64-fedora-gcc | 0.2 | 29.29 | NOTE | |||
r-devel-osx-x86_64-clang | 0.2 | 35.98 | NOTE | |||
r-devel-windows-ix86+x86_64 | 0.2 | 20.00 | 39.00 | 59.00 | NOTE | |
r-patched-linux-x86_64 | 0.2 | 4.09 | 12.59 | 16.68 | NOTE | |
r-patched-solaris-sparc | 0.2 | 301.90 | NOTE | |||
r-patched-solaris-x86 | 0.2 | 43.60 | NOTE | |||
r-release-linux-x86_64 | 0.2 | 4.11 | 13.69 | 17.80 | NOTE | |
r-release-osx-x86_64-mavericks | 0.2 | NOTE | ||||
r-release-windows-ix86+x86_64 | 0.2 | 19.00 | 43.00 | 62.00 | NOTE | |
r-oldrel-windows-ix86+x86_64 | 0.2 | 21.00 | 45.00 | 66.00 | NOTE |
Version: 0.2
Check: DESCRIPTION meta-information
Result: NOTE
Malformed Description field: should contain one or more complete sentences.
Flavors: r-devel-linux-x86_64-debian-gcc, r-devel-linux-x86_64-fedora-clang, r-devel-linux-x86_64-fedora-gcc, r-devel-osx-x86_64-clang, r-devel-windows-ix86+x86_64, r-patched-linux-x86_64, r-patched-solaris-sparc, r-patched-solaris-x86, r-release-linux-x86_64, r-release-osx-x86_64-mavericks, r-release-windows-ix86+x86_64
Version: 0.2
Check: line endings in Makefiles
Result: NOTE
Found the following Makefile(s) without a final LF:
src/Makevars
Some ‘make’ programs ignore lines not ending in LF.
Flavors: r-devel-linux-x86_64-debian-gcc, r-devel-linux-x86_64-fedora-clang, r-devel-linux-x86_64-fedora-gcc, r-devel-osx-x86_64-clang, r-devel-windows-ix86+x86_64, r-patched-linux-x86_64, r-patched-solaris-sparc, r-patched-solaris-x86, r-release-linux-x86_64, r-release-osx-x86_64-mavericks, r-release-windows-ix86+x86_64, r-oldrel-windows-ix86+x86_64