CRAN Package Check Results for Package gWidgetsRGtk2

Last updated on 2015-11-20 00:47:30.

Flavor Version Tinstall Tcheck Ttotal Status Flags
r-devel-linux-x86_64-debian-gcc 0.0-83 7.01 47.63 54.64 NOTE
r-devel-linux-x86_64-fedora-clang 0.0-83 104.09 NOTE
r-devel-linux-x86_64-fedora-gcc 0.0-83 104.89 NOTE
r-devel-osx-x86_64-clang 0.0-83 118.82 NOTE
r-devel-windows-ix86+x86_64 0.0-83 27.00 101.00 128.00 NOTE
r-patched-linux-x86_64 0.0-83 7.32 50.35 57.67 NOTE
r-patched-solaris-sparc 0.0-83 670.30 NOTE
r-patched-solaris-x86 0.0-83 136.80 NOTE
r-release-linux-x86_64 0.0-83 7.52 52.30 59.81 NOTE
r-release-osx-x86_64-mavericks 0.0-83 NOTE
r-release-windows-ix86+x86_64 0.0-83 29.00 87.00 116.00 NOTE
r-oldrel-windows-ix86+x86_64 0.0-83 31.00 90.00 121.00 OK

Check Details

Version: 0.0-83
Check: DESCRIPTION meta-information
Result: NOTE
    Malformed Description field: should contain one or more complete sentences.
Flavors: r-devel-linux-x86_64-debian-gcc, r-devel-linux-x86_64-fedora-clang, r-devel-linux-x86_64-fedora-gcc, r-devel-osx-x86_64-clang, r-devel-windows-ix86+x86_64, r-patched-linux-x86_64, r-patched-solaris-sparc, r-patched-solaris-x86, r-release-linux-x86_64, r-release-osx-x86_64-mavericks, r-release-windows-ix86+x86_64

Version: 0.0-83
Check: R code for possible problems
Result: NOTE
    .addTags: no visible global function definition for ‘colors’
    addNewPage: no visible global function definition for ‘dev.cur’
    browseDataAsCSV: no visible global function definition for ‘write.csv’
    browseDataAsCSV: no visible global function definition for ‘browseURL’
    dev.copy2eps.hack: no visible global function definition for ‘dev.cur’
    dev.copy2eps.hack: no visible binding for global variable ‘postscript’
    dev.copy2eps.hack: no visible global function definition for ‘par’
    dev.copy2eps.hack: no visible global function definition for ‘dev.off’
    dev.copy2eps.hack: no visible global function definition for ‘dev.set’
    devPrintHack: no visible binding for global variable ‘postscript’
    devPrintHack: no visible global function definition for ‘dev.cur’
    devPrintHack: no visible global function definition for ‘par’
    devPrintHack: no visible global function definition for ‘ps.options’
    devPrintHack: no visible global function definition for ‘dev.off’
    devPrintHack: no visible global function definition for ‘dev.set’
    evalChunk: no visible global function definition for
     ‘RweaveEvalWithOpt’
    getRGtk2Version: no visible global function definition for
     ‘installed.packages’
    printCurrentPage : <anonymous>: no visible global function definition
     for ‘dev.print’
    replayAPlot : <anonymous>: no visible global function definition for
     ‘replayPlot’
    .addhandlerchanged,gGraphicsRGtk-guiWidgetsToolkitRGtk2 : <anonymous>:
     no visible global function definition for ‘grconvertX’
    .addhandlerchanged,gGraphicsRGtk-guiWidgetsToolkitRGtk2 : <anonymous>:
     no visible global function definition for ‘grconvertY’
    .addhandlerclicked,gGraphicsRGtk-guiWidgetsToolkitRGtk2 : f: no visible
     global function definition for ‘grconvertX’
    .addhandlerclicked,gGraphicsRGtk-guiWidgetsToolkitRGtk2 : f: no visible
     global function definition for ‘grconvertY’
    .font<-,gTextRGtk-guiWidgetsToolkitRGtk2: no visible global function
     definition for ‘colors’
    .gdf,guiWidgetsToolkitRGtk2: no visible binding for global variable
     ‘colors’
    .ggraphics,guiWidgetsToolkitRGtk2 : .setDevNo: no visible global
     function definition for ‘dev.set’
    .ggraphics,guiWidgetsToolkitRGtk2 : <anonymous>: no visible global
     function definition for ‘dev.off’
    .ggraphicsnotebook,guiWidgetsToolkitRGtk2 : <anonymous>: no visible
     global function definition for ‘dev.list’
    .ggraphicsnotebook,guiWidgetsToolkitRGtk2 : <anonymous>: no visible
     global function definition for ‘dev.set’
    .leftBracket<-,gSpinbuttonRGtk-guiWidgetsToolkitRGtk2: no visible
     global function definition for ‘head’
    .visible<-,gGraphicsRGtk-guiWidgetsToolkitRGtk2-ANY: no visible global
     function definition for ‘dev.set’
    Undefined global functions or variables:
     RweaveEvalWithOpt browseURL colors dev.cur dev.list dev.off dev.print
     dev.set grconvertX grconvertY head installed.packages par postscript
     ps.options replayPlot write.csv
    Consider adding
     importFrom("grDevices", "colors", "dev.cur", "dev.list", "dev.off",
     "dev.print", "dev.set", "postscript", "ps.options",
     "replayPlot")
     importFrom("graphics", "grconvertX", "grconvertY", "par")
     importFrom("utils", "RweaveEvalWithOpt", "browseURL", "head",
     "installed.packages", "write.csv")
    to your NAMESPACE.
Flavors: r-devel-linux-x86_64-debian-gcc, r-devel-linux-x86_64-fedora-clang, r-devel-linux-x86_64-fedora-gcc, r-devel-windows-ix86+x86_64

Version: 0.0-83
Check: package dependencies
Result: NOTE
    Package which this enhances but not available for checking: ‘RGtk2Extras’
Flavor: r-release-osx-x86_64-mavericks