Last updated on 2015-11-20 00:47:29.
Flavor | Version | Tinstall | Tcheck | Ttotal | Status | Flags |
---|---|---|---|---|---|---|
r-devel-linux-x86_64-debian-gcc | 0.0.5 | 15.31 | 10.75 | 26.06 | OK | |
r-devel-linux-x86_64-fedora-clang | 0.0.5 | 58.98 | OK | |||
r-devel-linux-x86_64-fedora-gcc | 0.0.5 | 48.15 | OK | |||
r-devel-osx-x86_64-clang | 0.0.5 | 53.83 | OK | |||
r-devel-windows-ix86+x86_64 | 0.0.5 | 102.00 | 55.00 | 157.00 | NOTE | |
r-patched-linux-x86_64 | 0.0.5 | 16.05 | 11.78 | 27.83 | OK | |
r-patched-solaris-sparc | 0.0.5 | 278.30 | OK | |||
r-patched-solaris-x86 | 0.0.5 | 60.50 | OK | |||
r-release-linux-x86_64 | 0.0.5 | 15.42 | 13.36 | 28.77 | OK | |
r-release-osx-x86_64-mavericks | 0.0.5 | ERROR | ||||
r-release-windows-ix86+x86_64 | 0.0.5 | 96.00 | 66.00 | 162.00 | NOTE | |
r-oldrel-windows-ix86+x86_64 | 0.0.5 | 98.00 | 69.00 | 167.00 | NOTE |
Version: 0.0.5
Check: installed package size
Result: NOTE
installed size is 7.2Mb
sub-directories of 1Mb or more:
libs 7.2Mb
Flavors: r-devel-windows-ix86+x86_64, r-release-osx-x86_64-mavericks, r-release-windows-ix86+x86_64, r-oldrel-windows-ix86+x86_64
Version: 0.0.5
Check: tests
Result: ERROR
Running the tests in ‘tests/testthat.R’ failed.
Last 13 lines of output:
> library(testthat)
> library(gdtools)
>
> test_check("gdtools")
1. Failure (at test-raster.R#6): raster_str ------------------------------------
nchar(x = code) not more than 50. Difference: 50
testthat results ================================================================
OK: 2 SKIPPED: 0 FAILED: 1
1. Failure (at test-raster.R#6): raster_str
Error: testthat unit tests failed
Execution halted
Flavor: r-release-osx-x86_64-mavericks