Last updated on 2015-11-20 00:47:29.
Flavor | Version | Tinstall | Tcheck | Ttotal | Status | Flags |
---|---|---|---|---|---|---|
r-devel-linux-x86_64-debian-gcc | 1.4-3 | 2.56 | 26.73 | 29.29 | NOTE | |
r-devel-linux-x86_64-fedora-clang | 1.4-3 | 58.24 | NOTE | |||
r-devel-linux-x86_64-fedora-gcc | 1.4-3 | 57.38 | NOTE | |||
r-devel-osx-x86_64-clang | 1.4-3 | 62.02 | NOTE | |||
r-devel-windows-ix86+x86_64 | 1.4-3 | 18.00 | 74.00 | 92.00 | NOTE | |
r-patched-linux-x86_64 | 1.4-3 | 2.77 | 27.94 | 30.71 | NOTE | |
r-patched-solaris-sparc | 1.4-3 | 358.20 | NOTE | |||
r-patched-solaris-x86 | 1.4-3 | 73.50 | NOTE | |||
r-release-linux-x86_64 | 1.4-3 | 2.58 | 31.27 | 33.85 | NOTE | |
r-release-osx-x86_64-mavericks | 1.4-3 | OK | ||||
r-release-windows-ix86+x86_64 | 1.4-3 | 17.00 | 61.00 | 78.00 | NOTE | |
r-oldrel-windows-ix86+x86_64 | 1.4-3 | 14.00 | 79.00 | 93.00 | NOTE |
Version: 1.4-3
Check: R code for possible problems
Result: NOTE
centroid,SpatialPolygons: no visible binding for global variable ‘pols’
centroid,SpatialPolygons : <anonymous>: no visible global function
definition for ‘slot’
Undefined global functions or variables:
pols slot
Consider adding
importFrom("methods", "slot")
to your NAMESPACE (and ensure that your DESCRIPTION Imports field
contains 'methods').
Flavors: r-devel-linux-x86_64-debian-gcc, r-devel-linux-x86_64-fedora-clang, r-devel-linux-x86_64-fedora-gcc, r-devel-windows-ix86+x86_64
Version: 1.4-3
Check: R code for possible problems
Result: NOTE
centroid,SpatialPolygons: no visible binding for global variable ‘pols’
Undefined global functions or variables:
pols
Flavor: r-devel-osx-x86_64-clang
Version: 1.4-3
Check: R code for possible problems
Result: NOTE
centroid,SpatialPolygons : .local: no visible binding for global
variable ‘pols’
Flavors: r-patched-linux-x86_64, r-patched-solaris-sparc, r-patched-solaris-x86, r-release-linux-x86_64, r-release-windows-ix86+x86_64, r-oldrel-windows-ix86+x86_64