CRAN Package Check Results for Package gmwm

Last updated on 2015-11-20 00:47:29.

Flavor Version Tinstall Tcheck Ttotal Status Flags
r-devel-linux-x86_64-debian-gcc 1.0.0 170.41 35.40 205.81 NOTE
r-devel-linux-x86_64-fedora-clang 1.0.0 453.74 NOTE
r-devel-linux-x86_64-fedora-gcc 1.0.0 403.46 NOTE
r-devel-osx-x86_64-clang 1.0.0 307.56 OK
r-devel-windows-ix86+x86_64 1.0.0 705.00 99.00 804.00 OK
r-patched-linux-x86_64 1.0.0 169.85 37.37 207.22 NOTE
r-patched-solaris-sparc 1.0.0 209.70 ERROR
r-patched-solaris-x86 1.0.0 43.30 ERROR
r-release-linux-x86_64 1.0.0 170.40 39.21 209.62 NOTE
r-release-osx-x86_64-mavericks 1.0.0 NOTE
r-release-windows-ix86+x86_64 1.0.0 638.00 100.00 738.00 OK
r-oldrel-windows-ix86+x86_64 1.0.0 636.00 136.00 772.00 OK

Check Details

Version: 1.0.0
Check: installed package size
Result: NOTE
     installed size is 18.4Mb
     sub-directories of 1Mb or more:
     libs 17.8Mb
Flavors: r-devel-linux-x86_64-debian-gcc, r-devel-linux-x86_64-fedora-clang, r-devel-linux-x86_64-fedora-gcc, r-patched-linux-x86_64, r-release-linux-x86_64, r-release-osx-x86_64-mavericks

Version: 1.0.0
Check: whether package can be installed
Result: ERROR
    Installation failed.
Flavors: r-patched-solaris-sparc, r-patched-solaris-x86