CRAN Package Check Results for Package gset

Last updated on 2015-11-20 00:47:30.

Flavor Version Tinstall Tcheck Ttotal Status Flags
r-devel-linux-x86_64-debian-gcc 1.1.0 1.53 22.12 23.65 NOTE
r-devel-linux-x86_64-fedora-clang 1.1.0 47.70 NOTE
r-devel-linux-x86_64-fedora-gcc 1.1.0 48.94 NOTE
r-devel-osx-x86_64-clang 1.1.0 53.15 OK
r-devel-windows-ix86+x86_64 1.1.0 12.00 47.00 59.00 NOTE
r-patched-linux-x86_64 1.1.0 1.65 23.58 25.23 OK
r-patched-solaris-sparc 1.1.0 310.20 OK
r-patched-solaris-x86 1.1.0 69.20 OK
r-release-linux-x86_64 1.1.0 1.58 24.81 26.38 OK
r-release-osx-x86_64-mavericks 1.1.0 OK
r-release-windows-ix86+x86_64 1.1.0 10.00 48.00 58.00 OK
r-oldrel-windows-ix86+x86_64 1.1.0 23.00 87.00 110.00 OK

Check Details

Version: 1.1.0
Check: R code for possible problems
Result: NOTE
    binding: no visible global function definition for ‘rnorm’
    binding: no visible binding for global variable ‘var’
    binding: no visible global function definition for ‘uniroot’
    equivonly: no visible global function definition for ‘rnorm’
    equivonly: no visible binding for global variable ‘var’
    equivonly: no visible global function definition for ‘uniroot’
    figureE: no visible global function definition for ‘rgb’
    figureEF: no visible global function definition for ‘rgb’
    nfix : f: no visible global function definition for ‘pnorm’
    nfix : f: no visible global function definition for ‘qnorm’
    nfix: no visible global function definition for ‘uniroot’
    nonbinding: no visible global function definition for ‘rnorm’
    nonbinding: no visible binding for global variable ‘var’
    nonbinding: no visible global function definition for ‘uniroot’
    oc: no visible global function definition for ‘rnorm’
    oc: no visible global function definition for ‘var’
    Undefined global functions or variables:
     pnorm qnorm rgb rnorm uniroot var
    Consider adding
     importFrom("grDevices", "rgb")
     importFrom("stats", "pnorm", "qnorm", "rnorm", "uniroot", "var")
    to your NAMESPACE.
Flavors: r-devel-linux-x86_64-debian-gcc, r-devel-linux-x86_64-fedora-clang, r-devel-linux-x86_64-fedora-gcc, r-devel-windows-ix86+x86_64