Last updated on 2015-11-20 00:47:30.
Flavor | Version | Tinstall | Tcheck | Ttotal | Status | Flags |
---|---|---|---|---|---|---|
r-devel-linux-x86_64-debian-gcc | 0.3.1 | 7.25 | 124.99 | 132.24 | OK | |
r-devel-linux-x86_64-fedora-clang | 0.3.1 | 281.62 | OK | |||
r-devel-linux-x86_64-fedora-gcc | 0.3.1 | 270.91 | OK | |||
r-devel-osx-x86_64-clang | 0.3.1 | 287.76 | OK | |||
r-devel-windows-ix86+x86_64 | 0.3.1 | 44.00 | 305.00 | 349.00 | NOTE | |
r-patched-linux-x86_64 | 0.3.1 | 7.84 | 130.52 | 138.36 | OK | |
r-patched-solaris-sparc | 0.3.1 | 1660.00 | OK | |||
r-patched-solaris-x86 | 0.3.1 | 333.40 | OK | |||
r-release-linux-x86_64 | 0.3.1 | 7.56 | 131.11 | 138.67 | OK | |
r-release-osx-x86_64-mavericks | 0.3.1 | OK | ||||
r-release-windows-ix86+x86_64 | 0.3.1 | 46.00 | 276.00 | 322.00 | NOTE | |
r-oldrel-windows-ix86+x86_64 | 0.3.1 | 53.00 | 342.00 | 395.00 | NOTE |
Version: 0.3.1
Check: installed package size
Result: NOTE
installed size is 5.1Mb
sub-directories of 1Mb or more:
doc 2.7Mb
libs 1.1Mb
Flavors: r-devel-windows-ix86+x86_64, r-release-windows-ix86+x86_64, r-oldrel-windows-ix86+x86_64