CRAN Package Check Results for Package httpuv

Last updated on 2015-11-20 00:47:31.

Flavor Version Tinstall Tcheck Ttotal Status Flags
r-devel-linux-x86_64-debian-gcc 1.3.3 26.29 12.84 39.13 NOTE
r-devel-linux-x86_64-fedora-clang 1.3.3 81.60 NOTE
r-devel-linux-x86_64-fedora-gcc 1.3.3 72.25 NOTE
r-devel-osx-x86_64-clang 1.3.3 77.89 NOTE
r-devel-windows-ix86+x86_64 1.3.3 186.00 43.00 229.00 NOTE
r-patched-linux-x86_64 1.3.3 26.32 13.74 40.06 NOTE
r-patched-solaris-sparc 1.3.3 435.20 NOTE
r-patched-solaris-x86 1.3.3 83.80 NOTE
r-release-linux-x86_64 1.3.3 26.57 14.62 41.19 NOTE
r-release-osx-x86_64-mavericks 1.3.3 NOTE
r-release-windows-ix86+x86_64 1.3.3 160.00 46.00 206.00 NOTE
r-oldrel-windows-ix86+x86_64 1.3.3 180.00 56.00 236.00 NOTE

Check Details

Version: 1.3.3
Check: for GNU extensions in Makefiles
Result: NOTE
    GNU make is a SystemRequirements.
Flavors: r-devel-linux-x86_64-debian-gcc, r-devel-linux-x86_64-fedora-clang, r-devel-linux-x86_64-fedora-gcc, r-devel-osx-x86_64-clang, r-devel-windows-ix86+x86_64, r-patched-linux-x86_64, r-patched-solaris-sparc, r-patched-solaris-x86, r-release-linux-x86_64, r-release-osx-x86_64-mavericks, r-release-windows-ix86+x86_64, r-oldrel-windows-ix86+x86_64