CRAN Package Check Results for Package imprProbEst

Last updated on 2015-11-20 00:47:31.

Flavor Version Tinstall Tcheck Ttotal Status Flags
r-devel-linux-x86_64-debian-gcc 1.0.1 0.69 10.21 10.90 NOTE
r-devel-linux-x86_64-fedora-clang 1.0.1 21.49 NOTE
r-devel-linux-x86_64-fedora-gcc 1.0.1 19.33 NOTE
r-devel-osx-x86_64-clang 1.0.1 25.04 NOTE
r-devel-windows-ix86+x86_64 1.0.1 4.00 25.00 29.00 NOTE
r-patched-linux-x86_64 1.0.1 0.74 10.80 11.54 NOTE
r-patched-solaris-sparc 1.0.1 139.30 NOTE
r-patched-solaris-x86 1.0.1 30.90 NOTE
r-release-linux-x86_64 1.0.1 0.73 12.10 12.84 NOTE
r-release-osx-x86_64-mavericks 1.0.1 NOTE
r-release-windows-ix86+x86_64 1.0.1 3.00 27.00 30.00 NOTE
r-oldrel-windows-ix86+x86_64 1.0.1 5.00 36.00 41.00 NOTE

Check Details

Version: 1.0.1
Check: dependencies in R code
Result: NOTE
    'library' or 'require' calls to packages already attached by Depends:
     ‘inline’ ‘lpSolve’
     Please remove these calls from your code.
    Packages in Depends field not imported from:
     ‘inline’ ‘lpSolve’
     These packages need to be imported from (in the NAMESPACE file)
     for when this namespace is loaded but not attached.
Flavors: r-devel-linux-x86_64-debian-gcc, r-devel-linux-x86_64-fedora-clang, r-devel-linux-x86_64-fedora-gcc, r-devel-osx-x86_64-clang, r-devel-windows-ix86+x86_64, r-patched-linux-x86_64, r-patched-solaris-sparc, r-patched-solaris-x86, r-release-linux-x86_64, r-release-osx-x86_64-mavericks, r-release-windows-ix86+x86_64, r-oldrel-windows-ix86+x86_64

Version: 1.0.1
Check: R code for possible problems
Result: NOTE
    FctReducedNodevalues: no visible global function definition for
     ‘signature’
    FctReducedNodevalues: no visible global function definition for
     ‘cfunction’
    TotalVar: no visible global function definition for ‘lp’
    Undefined global functions or variables:
     cfunction lp signature
    Consider adding
     importFrom("methods", "signature")
    to your NAMESPACE (and ensure that your DESCRIPTION Imports field
    contains 'methods').
Flavors: r-devel-linux-x86_64-debian-gcc, r-devel-linux-x86_64-fedora-clang, r-devel-linux-x86_64-fedora-gcc, r-devel-windows-ix86+x86_64

Version: 1.0.1
Check: R code for possible problems
Result: NOTE
    FctReducedNodevalues: no visible global function definition for
     ‘cfunction’
    TotalVar: no visible global function definition for ‘lp’
    Undefined global functions or variables:
     cfunction lp
Flavor: r-devel-osx-x86_64-clang

Version: 1.0.1
Check: R code for possible problems
Result: NOTE
    FctReducedNodevalues: no visible global function definition for
     ‘cfunction’
    TotalVar: no visible global function definition for ‘lp’
Flavors: r-patched-linux-x86_64, r-patched-solaris-sparc, r-patched-solaris-x86, r-release-linux-x86_64, r-release-osx-x86_64-mavericks, r-release-windows-ix86+x86_64, r-oldrel-windows-ix86+x86_64