Last updated on 2015-11-20 00:47:31.
Flavor | Version | Tinstall | Tcheck | Ttotal | Status | Flags |
---|---|---|---|---|---|---|
r-devel-linux-x86_64-debian-gcc | 1.1.1 | 1.05 | 30.14 | 31.18 | NOTE | |
r-devel-linux-x86_64-fedora-clang | 1.1.1 | 47.49 | NOTE | |||
r-devel-linux-x86_64-fedora-gcc | 1.1.1 | 45.38 | NOTE | |||
r-devel-osx-x86_64-clang | 1.1.1 | 54.94 | NOTE | |||
r-devel-windows-ix86+x86_64 | 1.1.1 | 10.00 | 94.00 | 104.00 | NOTE | |
r-patched-linux-x86_64 | 1.1.1 | 1.08 | 31.14 | 32.22 | NOTE | |
r-patched-solaris-sparc | 1.1.1 | 331.90 | NOTE | |||
r-patched-solaris-x86 | 1.1.1 | 68.00 | NOTE | |||
r-release-linux-x86_64 | 1.1.1 | 1.03 | 32.32 | 33.35 | NOTE | |
r-release-osx-x86_64-mavericks | 1.1.1 | NOTE | ||||
r-release-windows-ix86+x86_64 | 1.1.1 | 8.00 | 91.00 | 99.00 | NOTE | |
r-oldrel-windows-ix86+x86_64 | 1.1.1 | 9.00 | 98.00 | 107.00 | NOTE |
Version: 1.1.1
Check: R code for possible problems
Result: NOTE
cgrad: no visible global function definition for ‘res’
doshade: no visible global function definition for ‘projection’
doshade: no visible global function definition for ‘extent’
doshade: no visible global function definition for ‘res’
doshade: no visible global function definition for ‘raster’
doshade: no visible global function definition for ‘extent<-’
Undefined global functions or variables:
extent extent<- projection raster res
Flavors: r-devel-linux-x86_64-debian-gcc, r-devel-linux-x86_64-fedora-clang, r-devel-linux-x86_64-fedora-gcc, r-devel-osx-x86_64-clang, r-devel-windows-ix86+x86_64
Version: 1.1.1
Check: R code for possible problems
Result: NOTE
cgrad: no visible global function definition for ‘res’
doshade: no visible global function definition for ‘projection’
doshade: no visible global function definition for ‘extent’
doshade: no visible global function definition for ‘res’
doshade: no visible global function definition for ‘raster’
doshade: no visible global function definition for ‘extent<-’
Flavors: r-patched-linux-x86_64, r-patched-solaris-sparc, r-patched-solaris-x86, r-release-linux-x86_64, r-release-osx-x86_64-mavericks, r-release-windows-ix86+x86_64, r-oldrel-windows-ix86+x86_64