Last updated on 2015-11-20 00:47:33.
Flavor | Version | Tinstall | Tcheck | Ttotal | Status | Flags |
---|---|---|---|---|---|---|
r-devel-linux-x86_64-debian-gcc | 0.15.0 | 7.95 | 28.36 | 36.31 | OK | |
r-devel-linux-x86_64-fedora-clang | 0.15.0 | 68.05 | OK | |||
r-devel-linux-x86_64-fedora-gcc | 0.15.0 | 62.55 | OK | |||
r-devel-osx-x86_64-clang | 0.15.0 | 74.12 | OK | |||
r-devel-windows-ix86+x86_64 | 0.15.0 | 65.00 | 82.00 | 147.00 | OK | |
r-patched-linux-x86_64 | 0.15.0 | 7.98 | 28.98 | 36.96 | OK | |
r-patched-solaris-sparc | 0.15.0 | 432.80 | NOTE | |||
r-patched-solaris-x86 | 0.15.0 | 109.60 | NOTE | |||
r-release-linux-x86_64 | 0.15.0 | 8.05 | 30.17 | 38.22 | OK | |
r-release-osx-x86_64-mavericks | 0.15.0 | OK | ||||
r-release-windows-ix86+x86_64 | 0.15.0 | 59.00 | 82.00 | 141.00 | OK | |
r-oldrel-windows-ix86+x86_64 | 0.15.0 | 61.00 | 90.00 | 151.00 | OK |
Version: 0.15.0
Check: package dependencies
Result: NOTE
Package suggested but not available for checking: ‘microbenchmark’
Flavors: r-patched-solaris-sparc, r-patched-solaris-x86