Last updated on 2015-11-20 00:47:34.
Flavor | Version | Tinstall | Tcheck | Ttotal | Status | Flags |
---|---|---|---|---|---|---|
r-devel-linux-x86_64-debian-gcc | 0.48 | 2.92 | 32.58 | 35.51 | OK | |
r-devel-linux-x86_64-fedora-clang | 0.48 | 76.36 | OK | |||
r-devel-linux-x86_64-fedora-gcc | 0.48 | 76.29 | OK | |||
r-devel-osx-x86_64-clang | 0.48 | 77.30 | OK | |||
r-devel-windows-ix86+x86_64 | 0.48 | 10.00 | 60.00 | 70.00 | NOTE | |
r-patched-linux-x86_64 | 0.48 | 2.90 | 34.76 | 37.66 | OK | |
r-patched-solaris-sparc | 0.48 | 450.60 | OK | |||
r-patched-solaris-x86 | 0.48 | 100.10 | OK | |||
r-release-linux-x86_64 | 0.48 | 3.04 | 34.92 | 37.96 | OK | |
r-release-osx-x86_64-mavericks | 0.48 | OK | ||||
r-release-windows-ix86+x86_64 | 0.48 | 12.00 | 85.00 | 97.00 | NOTE | |
r-oldrel-windows-ix86+x86_64 | 0.48 | 16.00 | 100.00 | 116.00 | NOTE |
Version: 0.48
Check: package dependencies
Result: NOTE
Package suggested but not available for checking: 'ncdf4'
Flavors: r-devel-windows-ix86+x86_64, r-release-windows-ix86+x86_64, r-oldrel-windows-ix86+x86_64