CRAN Package Check Results for Package micEcon

Last updated on 2015-11-20 00:47:34.

Flavor Version Tinstall Tcheck Ttotal Status Flags
r-devel-linux-x86_64-debian-gcc 0.6-12 0.90 23.16 24.05 NOTE
r-devel-linux-x86_64-fedora-clang 0.6-12 48.21 NOTE
r-devel-linux-x86_64-fedora-gcc 0.6-12 44.23 NOTE
r-devel-osx-x86_64-clang 0.6-12 53.56 NOTE
r-devel-windows-ix86+x86_64 0.6-12 4.00 46.00 50.00 NOTE
r-patched-linux-x86_64 0.6-12 0.93 23.47 24.40 NOTE
r-patched-solaris-sparc 0.6-12 303.30 NOTE
r-patched-solaris-x86 0.6-12 58.30 NOTE
r-release-linux-x86_64 0.6-12 0.89 25.68 26.57 NOTE
r-release-osx-x86_64-mavericks 0.6-12 NOTE
r-release-windows-ix86+x86_64 0.6-12 5.00 65.00 70.00 NOTE
r-oldrel-windows-ix86+x86_64 0.6-12 6.00 64.00 70.00 NOTE

Check Details

Version: 0.6-12
Check: DESCRIPTION meta-information
Result: NOTE
    Malformed Description field: should contain one or more complete sentences.
Flavors: r-devel-linux-x86_64-debian-gcc, r-devel-linux-x86_64-fedora-clang, r-devel-linux-x86_64-fedora-gcc, r-devel-osx-x86_64-clang, r-devel-windows-ix86+x86_64, r-patched-linux-x86_64, r-patched-solaris-sparc, r-patched-solaris-x86, r-release-linux-x86_64, r-release-osx-x86_64-mavericks, r-release-windows-ix86+x86_64

Version: 0.6-12
Check: R code for possible problems
Result: NOTE
    .quadFuncCheckCoefNames: no visible binding for global variable ‘coef’
    elas.quadFuncEst: no visible global function definition for ‘coef’
    elas.translogEst: no visible global function definition for ‘coef’
    elas.translogEst: no visible global function definition for ‘vcov’
    print.summary.translogEst: no visible global function definition for
     ‘printCoefmat’
    print.summary.translogRayEst: no visible global function definition for
     ‘printCoefmat’
    print.translogEst: no visible global function definition for ‘coef’
    print.translogRayEst: no visible global function definition for ‘coef’
    quadFuncEst: no visible global function definition for ‘plm’
    quadFuncEst: no visible global function definition for ‘as.formula’
    quadFuncEst: no visible global function definition for ‘lm’
    quadFuncEst: no visible global function definition for ‘residuals’
    quadFuncEst: no visible global function definition for ‘coef’
    quadFuncEst: no visible global function definition for ‘vcov’
    quadFuncEst: no visible global function definition for ‘fixef’
    quadFuncEst: no visible global function definition for ‘model.matrix’
    summary.translogEst: no visible global function definition for ‘coef’
    summary.translogEst: no visible global function definition for ‘vcov’
    summary.translogEst: no visible global function definition for
     ‘df.residual’
    summary.translogRayEst: no visible global function definition for
     ‘coef’
    summary.translogRayEst: no visible global function definition for
     ‘vcov’
    summary.translogRayEst: no visible global function definition for
     ‘df.residual’
    Undefined global functions or variables:
     as.formula coef df.residual fixef lm model.matrix plm printCoefmat
     residuals vcov
    Consider adding
     importFrom("stats", "as.formula", "coef", "df.residual", "lm",
     "model.matrix", "printCoefmat", "residuals", "vcov")
    to your NAMESPACE.
Flavors: r-devel-linux-x86_64-debian-gcc, r-devel-linux-x86_64-fedora-clang, r-devel-linux-x86_64-fedora-gcc, r-devel-windows-ix86+x86_64

Version: 0.6-12
Check: R code for possible problems
Result: NOTE
    quadFuncEst: no visible global function definition for ‘plm’
    quadFuncEst: no visible global function definition for ‘fixef’
    Undefined global functions or variables:
     fixef plm
Flavor: r-devel-osx-x86_64-clang

Version: 0.6-12
Check: R code for possible problems
Result: NOTE
    quadFuncEst: no visible global function definition for ‘plm’
    quadFuncEst: no visible global function definition for ‘fixef’
Flavors: r-patched-linux-x86_64, r-patched-solaris-sparc, r-patched-solaris-x86, r-release-linux-x86_64, r-release-osx-x86_64-mavericks, r-release-windows-ix86+x86_64, r-oldrel-windows-ix86+x86_64