CRAN Package Check Results for Package micEconAids

Last updated on 2015-11-20 00:47:34.

Flavor Version Tinstall Tcheck Ttotal Status Flags
r-devel-linux-x86_64-debian-gcc 0.6-16 4.38 62.02 66.40 NOTE
r-devel-linux-x86_64-fedora-clang 0.6-16 108.66 NOTE
r-devel-linux-x86_64-fedora-gcc 0.6-16 137.56 NOTE
r-devel-osx-x86_64-clang 0.6-16 150.64 NOTE
r-devel-windows-ix86+x86_64 0.6-16 18.00 104.00 122.00 NOTE
r-patched-linux-x86_64 0.6-16 4.50 64.68 69.18 NOTE
r-patched-solaris-sparc 0.6-16 848.30 NOTE
r-patched-solaris-x86 0.6-16 169.80 NOTE
r-release-linux-x86_64 0.6-16 4.32 65.22 69.54 NOTE
r-release-osx-x86_64-mavericks 0.6-16 NOTE
r-release-windows-ix86+x86_64 0.6-16 17.00 107.00 124.00 NOTE
r-oldrel-windows-ix86+x86_64 0.6-16 27.00 169.00 196.00 NOTE

Check Details

Version: 0.6-16
Check: DESCRIPTION meta-information
Result: NOTE
    Malformed Description field: should contain one or more complete sentences.
Flavors: r-devel-linux-x86_64-debian-gcc, r-devel-linux-x86_64-fedora-clang, r-devel-linux-x86_64-fedora-gcc, r-devel-osx-x86_64-clang, r-devel-windows-ix86+x86_64, r-patched-linux-x86_64, r-patched-solaris-sparc, r-patched-solaris-x86, r-release-linux-x86_64, r-release-osx-x86_64-mavericks, r-release-windows-ix86+x86_64

Version: 0.6-16
Check: R code for possible problems
Result: NOTE
    .aidsSystem: no visible global function definition for ‘as.formula’
    aidsElas: no visible global function definition for ‘pt’
    aidsEst: no visible global function definition for ‘as.formula’
    aidsEst: no visible global function definition for ‘coef’
    aidsEst: no visible global function definition for ‘vcov’
    aidsEst: no visible global function definition for ‘df.residual’
    df.residual.aidsEst: no visible global function definition for
     ‘df.residual’
    elas.aidsEst: no visible global function definition for ‘coef’
    elas.aidsEst: no visible global function definition for ‘vcov’
    elas.aidsEst: no visible global function definition for ‘df.residual’
    logLik.aidsEst: no visible global function definition for ‘logLik’
    lrtest.aidsEst: no visible binding for global variable ‘lrtest.default’
    predict.aidsEst: no visible global function definition for ‘coef’
    print.aidsEst: no visible global function definition for ‘coef’
    print.summary.aidsElas: no visible global function definition for
     ‘printCoefmat’
    print.summary.aidsEst: no visible global function definition for
     ‘printCoefmat’
    Undefined global functions or variables:
     as.formula coef df.residual logLik lrtest.default printCoefmat pt
     vcov
    Consider adding
     importFrom("stats", "as.formula", "coef", "df.residual", "logLik",
     "printCoefmat", "pt", "vcov")
    to your NAMESPACE.
Flavors: r-devel-linux-x86_64-debian-gcc, r-devel-linux-x86_64-fedora-clang, r-devel-linux-x86_64-fedora-gcc, r-devel-windows-ix86+x86_64

Version: 0.6-16
Check: R code for possible problems
Result: NOTE
    lrtest.aidsEst: no visible binding for global variable ‘lrtest.default’
    Undefined global functions or variables:
     lrtest.default
Flavor: r-devel-osx-x86_64-clang

Version: 0.6-16
Check: R code for possible problems
Result: NOTE
    lrtest.aidsEst: no visible binding for global variable ‘lrtest.default’
Flavors: r-patched-linux-x86_64, r-patched-solaris-sparc, r-patched-solaris-x86, r-release-linux-x86_64, r-release-osx-x86_64-mavericks, r-release-windows-ix86+x86_64, r-oldrel-windows-ix86+x86_64